CRAN Package Check Results for Package envi

Last updated on 2021-09-20 04:58:08 CEST.

Flavor Version Tinstall Tcheck Ttotal Status Flags
r-devel-linux-x86_64-debian-clang 0.1.10 21.78 352.40 374.18 OK
r-devel-linux-x86_64-debian-gcc 0.1.10 17.67 266.51 284.18 OK
r-devel-linux-x86_64-fedora-clang 0.1.10 467.74 OK
r-devel-linux-x86_64-fedora-gcc 0.1.10 461.01 OK
r-devel-windows-x86_64 0.1.10 28.00 327.00 355.00 OK
r-devel-windows-x86_64-gcc10-UCRT 0.1.10 ERROR
r-patched-linux-x86_64 0.1.10 26.18 340.44 366.62 OK
r-patched-solaris-x86 0.1.10 818.30 OK
r-release-linux-x86_64 0.1.10 22.39 341.97 364.36 OK
r-release-macos-arm64 0.1.10 OK
r-release-macos-x86_64 0.1.10 OK
r-release-windows-ix86+x86_64 0.1.10 64.00 342.00 406.00 OK
r-oldrel-macos-x86_64 0.1.10 OK
r-oldrel-windows-ix86+x86_64 0.1.10 61.00 480.00 541.00 OK

Check Details

Version: 0.1.10
Check: whether package can be installed
Result: WARN
    Found the following significant warnings:
     WARNING: installation-time patches will not be applied, could not get the patches index
Flavor: r-devel-windows-x86_64-gcc10-UCRT

Version: 0.1.10
Check: PDF version of manual
Result: WARN
    LaTeX errors when creating PDF version.
    This typically indicates Rd problems.
Flavor: r-devel-windows-x86_64-gcc10-UCRT

Version: 0.1.10
Check: PDF version of manual without hyperrefs or index
Result: ERROR
    Re-running with no redirection of stdout/stderr.
Flavor: r-devel-windows-x86_64-gcc10-UCRT