CRAN Package Check Results for Package enviPick

Last updated on 2021-10-19 10:50:50 CEST.

Flavor Version Tinstall Tcheck Ttotal Status Flags
r-devel-linux-x86_64-debian-clang 1.5 9.33 55.96 65.29 OK
r-devel-linux-x86_64-debian-gcc 1.5 7.53 43.22 50.75 OK
r-devel-linux-x86_64-fedora-clang 1.5 90.30 NOTE
r-devel-linux-x86_64-fedora-gcc 1.5 78.70 NOTE
r-devel-windows-x86_64 1.5 15.00 72.00 87.00 OK
r-devel-windows-x86_64-gcc10-UCRT 1.5 OK
r-patched-linux-x86_64 1.5 9.57 54.36 63.93 OK
r-patched-solaris-x86 1.5 105.50 OK
r-release-linux-x86_64 1.5 8.33 54.67 63.00 OK
r-release-macos-arm64 1.5 OK
r-release-macos-x86_64 1.5 OK
r-release-windows-ix86+x86_64 1.5 19.00 84.00 103.00 OK
r-oldrel-macos-x86_64 1.5 OK
r-oldrel-windows-ix86+x86_64 1.5 23.00 91.00 114.00 OK

Check Details

Version: 1.5
Check: compiled code
Result: NOTE
    File ‘enviPick/libs/enviPick.so’:
     Found no calls to: ‘R_registerRoutines’, ‘R_useDynamicSymbols’
    
    It is good practice to register native routines and to disable symbol
    search.
    
    See ‘Writing portable packages’ in the ‘Writing R Extensions’ manual.
Flavors: r-devel-linux-x86_64-fedora-clang, r-devel-linux-x86_64-fedora-gcc