CRAN Package Check Results for Package epca

Last updated on 2021-10-16 07:49:04 CEST.

Flavor Version Tinstall Tcheck Ttotal Status Flags
r-devel-linux-x86_64-debian-clang 1.0.0 2.98 47.47 50.45 OK
r-devel-linux-x86_64-debian-gcc 1.0.0 2.48 37.76 40.24 OK
r-devel-linux-x86_64-fedora-clang 1.0.0 69.86 NOTE
r-devel-linux-x86_64-fedora-gcc 1.0.0 57.70 NOTE
r-devel-windows-x86_64 1.0.0 22.00 61.00 83.00 OK
r-devel-windows-x86_64-gcc10-UCRT 1.0.0 NOTE
r-patched-linux-x86_64 1.0.0 3.64 46.94 50.58 OK
r-patched-solaris-x86 1.0.0 86.30 NOTE
r-release-linux-x86_64 1.0.0 3.13 47.95 51.08 OK
r-release-macos-arm64 1.0.0 NOTE
r-release-macos-x86_64 1.0.0 NOTE
r-release-windows-ix86+x86_64 1.0.0 9.00 71.00 80.00 OK
r-oldrel-macos-x86_64 1.0.0 NOTE
r-oldrel-windows-ix86+x86_64 1.0.0 9.00 73.00 82.00 OK

Check Details

Version: 1.0.0
Check: dependencies in R code
Result: NOTE
    Namespaces in Imports field not imported from:
     ‘RSpectra’ ‘tidyverse’
     All declared Imports should be used.
Flavors: r-devel-linux-x86_64-fedora-clang, r-devel-linux-x86_64-fedora-gcc, r-devel-windows-x86_64-gcc10-UCRT, r-patched-solaris-x86, r-release-macos-arm64, r-release-macos-x86_64, r-oldrel-macos-x86_64