CRAN Package Check Results for Package epiCleanr

Last updated on 2024-03-04 09:48:14 CET.

Flavor Version Tinstall Tcheck Ttotal Status Flags
r-devel-linux-x86_64-debian-clang 0.2.0 7.20 72.41 79.61 OK
r-devel-linux-x86_64-debian-gcc 0.2.0 6.88 54.33 61.21 OK
r-devel-linux-x86_64-fedora-clang 0.2.0 100.28 NOTE
r-devel-linux-x86_64-fedora-gcc 0.2.0 106.17 OK
r-devel-windows-x86_64 0.2.0 8.00 79.00 87.00 NOTE
r-patched-linux-x86_64 0.2.0 13.29 70.47 83.76 OK
r-release-linux-x86_64 0.2.0 5.48 69.68 75.16 OK
r-release-macos-arm64 0.2.0 46.00 NOTE
r-release-macos-x86_64 0.2.0 87.00 NOTE
r-release-windows-x86_64 0.2.0 11.00 89.00 100.00 NOTE
r-oldrel-macos-arm64 0.2.0 40.00 NOTE
r-oldrel-windows-x86_64 0.2.0 11.00 91.00 102.00 NOTE

Check Details

Version: 0.2.0
Check: installed package size
Result: NOTE installed size is 5.7Mb sub-directories of 1Mb or more: doc 2.9Mb help 2.5Mb Flavors: r-devel-linux-x86_64-fedora-clang, r-devel-windows-x86_64, r-release-macos-arm64, r-release-macos-x86_64, r-release-windows-x86_64, r-oldrel-macos-arm64, r-oldrel-windows-x86_64