CRAN Package Check Results for Package epiDisplay

Last updated on 2023-12-01 21:54:03 CET.

Flavor Version Tinstall Tcheck Ttotal Status Flags
r-devel-linux-x86_64-debian-clang 3.5.0.2 14.94 134.46 149.40 NOTE
r-devel-linux-x86_64-debian-gcc 3.5.0.2 15.15 99.99 115.14 NOTE
r-devel-linux-x86_64-fedora-clang 3.5.0.2 190.20 NOTE
r-devel-linux-x86_64-fedora-gcc 3.5.0.2 182.15 NOTE
r-devel-windows-x86_64 3.5.0.2 15.00 127.00 142.00 NOTE
r-patched-linux-x86_64 3.5.0.2 19.34 128.13 147.47 NOTE
r-release-linux-x86_64 3.5.0.2 14.47 130.29 144.76 NOTE
r-release-macos-arm64 3.5.0.2 53.00 NOTE
r-release-macos-x86_64 3.5.0.2 91.00 NOTE
r-release-windows-x86_64 3.5.0.2 21.00 153.00 174.00 NOTE
r-oldrel-macos-arm64 3.5.0.2 53.00 OK
r-oldrel-macos-x86_64 3.5.0.2 73.00 OK
r-oldrel-windows-x86_64 3.5.0.2 22.00 159.00 181.00 OK

Check Details

Version: 3.5.0.2
Check: Rd files
Result: NOTE checkRd: (-1) risk.display.rd:98: Escaped LaTeX specials: \$ Flavors: r-devel-linux-x86_64-debian-clang, r-devel-linux-x86_64-debian-gcc, r-devel-linux-x86_64-fedora-clang, r-devel-linux-x86_64-fedora-gcc, r-devel-windows-x86_64, r-patched-linux-x86_64, r-release-linux-x86_64, r-release-macos-arm64, r-release-macos-x86_64, r-release-windows-x86_64