CRAN Package Check Results for Package epidata

Last updated on 2021-09-22 16:49:50 CEST.

Flavor Version Tinstall Tcheck Ttotal Status Flags
r-devel-linux-x86_64-debian-clang 0.4.0 5.49 57.01 62.50 OK
r-devel-linux-x86_64-debian-gcc 0.4.0 4.29 42.36 46.65 OK
r-devel-linux-x86_64-fedora-clang 0.4.0 81.43 NOTE
r-devel-linux-x86_64-fedora-gcc 0.4.0 70.55 NOTE
r-devel-windows-x86_64 0.4.0 8.00 74.00 82.00 OK
r-devel-windows-x86_64-gcc10-UCRT 0.4.0 ERROR
r-patched-linux-x86_64 0.4.0 5.01 52.33 57.34 OK
r-patched-solaris-x86 0.4.0 104.20 NOTE
r-release-linux-x86_64 0.4.0 4.15 52.38 56.53 OK
r-release-macos-arm64 0.4.0 NOTE
r-release-macos-x86_64 0.4.0 NOTE
r-release-windows-ix86+x86_64 0.4.0 14.00 78.00 92.00 OK
r-oldrel-macos-x86_64 0.4.0 NOTE
r-oldrel-windows-ix86+x86_64 0.4.0 9.00 81.00 90.00 OK

Check Details

Version: 0.4.0
Check: dependencies in R code
Result: NOTE
    Namespace in Imports field not imported from: ‘tinytest’
     All declared Imports should be used.
Flavors: r-devel-linux-x86_64-fedora-clang, r-devel-linux-x86_64-fedora-gcc, r-patched-solaris-x86, r-release-macos-arm64, r-release-macos-x86_64, r-oldrel-macos-x86_64

Version: 0.4.0
Check: package dependencies
Result: ERROR
    Packages required but not available: 'rvest', 'xml2'
    
    See section 'The DESCRIPTION file' in the 'Writing R Extensions'
    manual.
Flavor: r-devel-windows-x86_64-gcc10-UCRT