CRAN Package Check Results for Package episcan

Last updated on 2021-07-29 10:52:56 CEST.

Flavor Version Tinstall Tcheck Ttotal Status Flags
r-devel-linux-x86_64-debian-clang 0.0.1 NOTE
r-devel-linux-x86_64-debian-gcc 0.0.1 1.89 22.30 24.19 NOTE
r-devel-linux-x86_64-fedora-clang 0.0.1 46.78 NOTE
r-devel-linux-x86_64-fedora-gcc 0.0.1 35.71 NOTE
r-devel-windows-x86_64 0.0.1 5.00 43.00 48.00 NOTE
r-devel-windows-x86_64-gcc10-UCRT 0.0.1 NOTE
r-patched-linux-x86_64 0.0.1 2.10 26.81 28.91 NOTE
r-patched-solaris-x86 0.0.1 56.10 NOTE
r-release-linux-x86_64 0.0.1 2.43 27.58 30.01 NOTE
r-release-macos-arm64 0.0.1 NOTE
r-release-macos-x86_64 0.0.1 NOTE
r-release-windows-ix86+x86_64 0.0.1 6.00 41.00 47.00 NOTE
r-oldrel-macos-x86_64 0.0.1 OK
r-oldrel-windows-ix86+x86_64 0.0.1 6.00 44.00 50.00 OK

Check Details

Version: 0.0.1
Check: LazyData
Result: NOTE
     'LazyData' is specified without a 'data' directory
Flavors: r-devel-linux-x86_64-debian-clang, r-devel-linux-x86_64-debian-gcc, r-devel-linux-x86_64-fedora-clang, r-devel-linux-x86_64-fedora-gcc, r-devel-windows-x86_64, r-devel-windows-x86_64-gcc10-UCRT, r-patched-linux-x86_64, r-patched-solaris-x86, r-release-linux-x86_64, r-release-macos-arm64, r-release-macos-x86_64, r-release-windows-ix86+x86_64

Version: 0.0.1
Check: for non-standard things in the check directory
Result: NOTE
    Found the following files/directories:
     'episcan_1geno_cc.txt' 'episcan_1geno_quant.txt'
     'episcan_2geno_cc.txt' 'episcan_2geno_quant.txt'
Flavors: r-devel-linux-x86_64-debian-clang, r-devel-linux-x86_64-debian-gcc, r-devel-linux-x86_64-fedora-clang, r-devel-linux-x86_64-fedora-gcc, r-patched-linux-x86_64, r-patched-solaris-x86, r-release-linux-x86_64