CRAN Package Check Results for Package epitab

Last updated on 2021-10-16 22:52:51 CEST.

Flavor Version Tinstall Tcheck Ttotal Status Flags
r-devel-linux-x86_64-debian-clang 0.2.2 2.96 34.69 37.65 NOTE
r-devel-linux-x86_64-debian-gcc 0.2.2 2.31 26.39 28.70 NOTE
r-devel-linux-x86_64-fedora-clang 0.2.2 54.50 NOTE
r-devel-linux-x86_64-fedora-gcc 0.2.2 44.06 NOTE
r-devel-windows-x86_64 0.2.2 5.00 42.00 47.00 NOTE
r-devel-windows-x86_64-gcc10-UCRT 0.2.2 NOTE
r-patched-linux-x86_64 0.2.2 3.16 33.12 36.28 NOTE
r-patched-solaris-x86 0.2.2 61.50 NOTE
r-release-linux-x86_64 0.2.2 2.84 32.25 35.09 NOTE
r-release-macos-arm64 0.2.2 NOTE
r-release-macos-x86_64 0.2.2 NOTE
r-release-windows-ix86+x86_64 0.2.2 6.00 49.00 55.00 NOTE
r-oldrel-macos-x86_64 0.2.2 OK
r-oldrel-windows-ix86+x86_64 0.2.2 8.00 54.00 62.00 OK

Check Details

Version: 0.2.2
Check: LazyData
Result: NOTE
     'LazyData' is specified without a 'data' directory
Flavors: r-devel-linux-x86_64-debian-clang, r-devel-linux-x86_64-debian-gcc, r-devel-linux-x86_64-fedora-clang, r-devel-linux-x86_64-fedora-gcc, r-devel-windows-x86_64, r-devel-windows-x86_64-gcc10-UCRT, r-patched-linux-x86_64, r-patched-solaris-x86, r-release-linux-x86_64, r-release-macos-arm64, r-release-macos-x86_64, r-release-windows-ix86+x86_64