CRAN Package Check Results for Package epitab

Last updated on 2021-08-01 10:51:12 CEST.

Flavor Version Tinstall Tcheck Ttotal Status Flags
r-devel-linux-x86_64-debian-clang 0.2.2 2.77 35.26 38.03 NOTE
r-devel-linux-x86_64-debian-gcc 0.2.2 2.11 27.85 29.96 NOTE
r-devel-linux-x86_64-fedora-clang 0.2.2 54.07 NOTE
r-devel-linux-x86_64-fedora-gcc 0.2.2 44.15 NOTE
r-devel-windows-x86_64 0.2.2 4.00 51.00 55.00 NOTE
r-devel-windows-x86_64-gcc10-UCRT 0.2.2 NOTE
r-patched-linux-x86_64 0.2.2 NOTE
r-patched-solaris-x86 0.2.2 67.00 NOTE
r-release-linux-x86_64 0.2.2 2.56 33.67 36.23 NOTE
r-release-macos-arm64 0.2.2 NOTE
r-release-macos-x86_64 0.2.2 NOTE
r-release-windows-ix86+x86_64 0.2.2 7.00 48.00 55.00 NOTE
r-oldrel-macos-x86_64 0.2.2 OK
r-oldrel-windows-ix86+x86_64 0.2.2 6.00 51.00 57.00 OK

Check Details

Version: 0.2.2
Check: LazyData
Result: NOTE
     'LazyData' is specified without a 'data' directory
Flavors: r-devel-linux-x86_64-debian-clang, r-devel-linux-x86_64-debian-gcc, r-devel-linux-x86_64-fedora-clang, r-devel-linux-x86_64-fedora-gcc, r-devel-windows-x86_64, r-devel-windows-x86_64-gcc10-UCRT, r-patched-linux-x86_64, r-patched-solaris-x86, r-release-linux-x86_64, r-release-macos-arm64, r-release-macos-x86_64, r-release-windows-ix86+x86_64