CRAN Package Check Results for Package epitrix

Last updated on 2024-07-18 22:49:53 CEST.

Flavor Version Tinstall Tcheck Ttotal Status Flags
r-devel-linux-x86_64-debian-clang 0.4.0 5.56 63.23 68.79 OK
r-devel-linux-x86_64-debian-gcc 0.4.0 3.74 47.58 51.32 OK
r-devel-linux-x86_64-fedora-clang 0.4.0 90.21 OK
r-devel-linux-x86_64-fedora-gcc 0.4.0 95.16 OK
r-devel-windows-x86_64 0.4.0 6.00 70.00 76.00 NOTE
r-patched-linux-x86_64 0.4.0 10.05 61.32 71.37 OK
r-release-linux-x86_64 0.4.0 4.27 59.54 63.81 OK
r-release-macos-arm64 0.4.0 37.00 OK
r-release-macos-x86_64 0.4.0 53.00 OK
r-release-windows-x86_64 0.4.0 6.00 67.00 73.00 OK
r-oldrel-macos-arm64 0.4.0 38.00 OK
r-oldrel-macos-x86_64 0.4.0 54.00 OK
r-oldrel-windows-x86_64 0.4.0 7.00 75.00 82.00 OK

Check Details

Version: 0.4.0
Check: Rd cross-references
Result: NOTE Found the following Rd file(s) with Rd \link{} targets missing package anchors: fit_disc_gamma.Rd: distcrete gamma_tools.Rd: distcrete Please provide package anchors for all Rd \link{} targets not in the package itself and the base packages. Flavor: r-devel-windows-x86_64