CRAN Package Check Results for Package equivalence

Last updated on 2021-10-19 22:53:54 CEST.

Flavor Version Tinstall Tcheck Ttotal Status Flags
r-devel-linux-x86_64-debian-clang 0.7.2 7.14 59.15 66.29 OK
r-devel-linux-x86_64-debian-gcc 0.7.2 5.10 43.62 48.72 OK
r-devel-linux-x86_64-fedora-clang 0.7.2 86.93 NOTE
r-devel-linux-x86_64-fedora-gcc 0.7.2 75.13 NOTE
r-devel-windows-x86_64 0.7.2 13.00 88.00 101.00 OK
r-devel-windows-x86_64-gcc10-UCRT 0.7.2 OK
r-patched-linux-x86_64 0.7.2 10.78 54.09 64.87 OK
r-patched-solaris-x86 0.7.2 114.60 OK
r-release-linux-x86_64 0.7.2 6.08 54.47 60.55 OK
r-release-macos-arm64 0.7.2 OK
r-release-macos-x86_64 0.7.2 OK
r-release-windows-ix86+x86_64 0.7.2 21.00 100.00 121.00 OK
r-oldrel-macos-x86_64 0.7.2 OK
r-oldrel-windows-ix86+x86_64 0.7.2 21.00 111.00 132.00 OK

Check Details

Version: 0.7.2
Check: compiled code
Result: NOTE
    File ‘equivalence/libs/equivalence.so’:
     Found no calls to: ‘R_registerRoutines’, ‘R_useDynamicSymbols’
    
    It is good practice to register native routines and to disable symbol
    search.
    
    See ‘Writing portable packages’ in the ‘Writing R Extensions’ manual.
Flavors: r-devel-linux-x86_64-fedora-clang, r-devel-linux-x86_64-fedora-gcc