CRAN Package Check Results for Package equivalenceTest

Last updated on 2021-11-27 03:57:57 CET.

Flavor Version Tinstall Tcheck Ttotal Status Flags
r-devel-linux-x86_64-debian-clang 0.0.1.1 2.57 24.50 27.07 NOTE
r-devel-linux-x86_64-debian-gcc 0.0.1.1 1.78 19.61 21.39 NOTE
r-devel-linux-x86_64-fedora-clang 0.0.1.1 43.40 NOTE
r-devel-linux-x86_64-fedora-gcc 0.0.1.1 33.02 NOTE
r-devel-windows-x86_64-new-UL 0.0.1.1 7.00 58.00 65.00 NOTE
r-devel-windows-x86_64-new-TK 0.0.1.1 NOTE
r-devel-windows-x86_64-old 0.0.1.1 4.00 42.00 46.00 NOTE
r-patched-linux-x86_64 0.0.1.1 2.17 23.53 25.70 NOTE
r-patched-solaris-x86 0.0.1.1 52.00 NOTE
r-release-linux-x86_64 0.0.1.1 NOTE
r-release-macos-arm64 0.0.1.1 NOTE
r-release-macos-x86_64 0.0.1.1 NOTE
r-release-windows-ix86+x86_64 0.0.1.1 8.00 33.00 41.00 NOTE
r-oldrel-macos-x86_64 0.0.1.1 NOTE
r-oldrel-windows-ix86+x86_64 0.0.1.1 5.00 43.00 48.00 OK

Check Details

Version: 0.0.1.1
Check: LazyData
Result: NOTE
     'LazyData' is specified without a 'data' directory
Flavors: r-devel-linux-x86_64-debian-clang, r-devel-linux-x86_64-debian-gcc, r-devel-linux-x86_64-fedora-clang, r-devel-linux-x86_64-fedora-gcc, r-devel-windows-x86_64-new-UL, r-devel-windows-x86_64-new-TK, r-devel-windows-x86_64-old, r-patched-linux-x86_64, r-patched-solaris-x86, r-release-linux-x86_64, r-release-macos-arm64, r-release-macos-x86_64, r-release-windows-ix86+x86_64

Version: 0.0.1.1
Check: dependencies in R code
Result: NOTE
    Namespaces in Imports field not imported from:
     ‘cubature’ ‘rootSolve’
     All declared Imports should be used.
Flavors: r-devel-linux-x86_64-fedora-clang, r-devel-linux-x86_64-fedora-gcc, r-devel-windows-x86_64-new-TK, r-patched-solaris-x86, r-release-macos-arm64, r-release-macos-x86_64, r-oldrel-macos-x86_64