CRAN Package Check Results for Package erah

Last updated on 2021-09-21 07:50:05 CEST.

Flavor Version Tinstall Tcheck Ttotal Status Flags
r-devel-linux-x86_64-debian-clang 1.1.2 15.01 109.67 124.68 OK
r-devel-linux-x86_64-debian-gcc 1.1.2 11.87 82.38 94.25 OK
r-devel-linux-x86_64-fedora-clang 1.1.2 156.26 OK
r-devel-linux-x86_64-fedora-gcc 1.1.2 145.71 OK
r-devel-windows-x86_64 1.1.2 19.00 95.00 114.00 OK
r-devel-windows-x86_64-gcc10-UCRT 1.1.2 ERROR
r-patched-linux-x86_64 1.1.2 16.20 103.72 119.92 OK
r-patched-solaris-x86 1.1.2 206.20 NOTE
r-release-linux-x86_64 1.1.2 16.35 103.25 119.60 OK
r-release-macos-arm64 1.1.2 NOTE
r-release-macos-x86_64 1.1.2 OK
r-release-windows-ix86+x86_64 1.1.2 35.00 113.00 148.00 OK
r-oldrel-macos-x86_64 1.1.2 OK
r-oldrel-windows-ix86+x86_64 1.1.2 36.00 121.00 157.00 OK

Check Details

Version: 1.1.2
Check: package dependencies
Result: ERROR
    Package required but not available: 'XML'
    
    See section 'The DESCRIPTION file' in the 'Writing R Extensions'
    manual.
Flavor: r-devel-windows-x86_64-gcc10-UCRT

Version: 1.1.2
Check: package dependencies
Result: NOTE
    Package suggested but not available for checking: ‘mzR’
Flavors: r-patched-solaris-x86, r-release-macos-arm64