CRAN Package Check Results for Package errint

Last updated on 2021-11-27 06:50:27 CET.

Flavor Version Tinstall Tcheck Ttotal Status Flags
r-devel-linux-x86_64-debian-clang 1.0 NOTE
r-devel-linux-x86_64-debian-gcc 1.0 3.16 39.13 42.29 NOTE
r-devel-linux-x86_64-fedora-clang 1.0 77.53 NOTE
r-devel-linux-x86_64-fedora-gcc 1.0 66.85 NOTE
r-devel-windows-x86_64-new-UL 1.0 10.00 89.00 99.00 NOTE
r-devel-windows-x86_64-new-TK 1.0 NOTE
r-devel-windows-x86_64-old 1.0 5.00 73.00 78.00 NOTE
r-patched-linux-x86_64 1.0 5.35 48.57 53.92 NOTE
r-patched-solaris-x86 1.0 96.90 NOTE
r-release-linux-x86_64 1.0 NOTE
r-release-macos-arm64 1.0 NOTE
r-release-macos-x86_64 1.0 NOTE
r-release-windows-ix86+x86_64 1.0 9.00 58.00 67.00 NOTE
r-oldrel-macos-x86_64 1.0 OK
r-oldrel-windows-ix86+x86_64 1.0 8.00 78.00 86.00 OK

Check Details

Version: 1.0
Check: LazyData
Result: NOTE
     'LazyData' is specified without a 'data' directory
Flavors: r-devel-linux-x86_64-debian-clang, r-devel-linux-x86_64-debian-gcc, r-devel-linux-x86_64-fedora-clang, r-devel-linux-x86_64-fedora-gcc, r-devel-windows-x86_64-new-UL, r-devel-windows-x86_64-new-TK, r-devel-windows-x86_64-old, r-patched-linux-x86_64, r-patched-solaris-x86, r-release-linux-x86_64, r-release-macos-arm64, r-release-macos-x86_64, r-release-windows-ix86+x86_64