CRAN Package Check Results for Package estudy2

Last updated on 2021-08-04 13:52:56 CEST.

Flavor Version Tinstall Tcheck Ttotal Status Flags
r-devel-linux-x86_64-debian-clang 0.9.2 24.62 46.89 71.51 WARN
r-devel-linux-x86_64-debian-gcc 0.9.2 12.90 37.05 49.95 WARN
r-devel-linux-x86_64-fedora-clang 0.9.2 103.11 WARN
r-devel-linux-x86_64-fedora-gcc 0.9.2 81.05 WARN
r-devel-windows-x86_64 0.9.2 22.00 80.00 102.00 OK
r-devel-windows-x86_64-gcc10-UCRT 0.9.2 WARN
r-patched-linux-x86_64 0.9.2 16.05 45.97 62.02 WARN
r-patched-solaris-x86 0.9.2 92.00 WARN
r-release-linux-x86_64 0.9.2 14.51 45.83 60.34 WARN
r-release-macos-arm64 0.9.2 OK
r-release-macos-x86_64 0.9.2 OK
r-release-windows-ix86+x86_64 0.9.2 52.00 98.00 150.00 OK
r-oldrel-macos-x86_64 0.9.2 OK
r-oldrel-windows-ix86+x86_64 0.9.2 33.00 101.00 134.00 OK

Additional issues

M1mac

Check Details

Version: 0.9.2
Check: re-building of vignette outputs
Result: WARN
    Error(s) in re-building vignettes:
     ...
    --- re-building 'estudy2-intro.Rmd' using rmarkdown
    'getSymbols' currently uses auto.assign=TRUE by default, but will
    use auto.assign=FALSE in 0.5-0. You will still be able to use
    'loadSymbols' to automatically load data. getOption("getSymbols.env")
    and getOption("getSymbols.auto.assign") will still be checked for
    alternate defaults.
    
    This message is shown once per session and may be disabled by setting
    options("getSymbols.warning4.0"=FALSE). See ?getSymbols for details.
    
    Warning: CS.PA contains missing values. Some functions will not work if objects contain missing values in the middle of the series. Consider using na.omit(), na.approx(), na.fill(), etc to remove or replace them.
    Warning: G.MI contains missing values. Some functions will not work if objects contain missing values in the middle of the series. Consider using na.omit(), na.approx(), na.fill(), etc to remove or replace them.
    Warning: RSA.L download failed; trying again.
    Quitting from lines 56-64 (estudy2-intro.Rmd)
    Error: processing vignette 'estudy2-intro.Rmd' failed with diagnostics:
    Unable to import "RSA.L".
    argument "conn" is missing, with no default
    --- failed re-building 'estudy2-intro.Rmd'
    
    SUMMARY: processing the following file failed:
     'estudy2-intro.Rmd'
    
    Error: Vignette re-building failed.
    Execution halted
Flavors: r-devel-linux-x86_64-debian-clang, r-devel-linux-x86_64-debian-gcc, r-patched-linux-x86_64, r-release-linux-x86_64

Version: 0.9.2
Check: re-building of vignette outputs
Result: WARN
    Error(s) in re-building vignettes:
    --- re-building ‘estudy2-intro.Rmd’ using rmarkdown
    'getSymbols' currently uses auto.assign=TRUE by default, but will
    use auto.assign=FALSE in 0.5-0. You will still be able to use
    'loadSymbols' to automatically load data. getOption("getSymbols.env")
    and getOption("getSymbols.auto.assign") will still be checked for
    alternate defaults.
    
    This message is shown once per session and may be disabled by setting
    options("getSymbols.warning4.0"=FALSE). See ?getSymbols for details.
    
    Warning: CS.PA contains missing values. Some functions will not work if objects contain missing values in the middle of the series. Consider using na.omit(), na.approx(), na.fill(), etc to remove or replace them.
    Warning: G.MI contains missing values. Some functions will not work if objects contain missing values in the middle of the series. Consider using na.omit(), na.approx(), na.fill(), etc to remove or replace them.
    Warning: RSA.L download failed; trying again.
    Quitting from lines 56-64 (estudy2-intro.Rmd)
    Error: processing vignette 'estudy2-intro.Rmd' failed with diagnostics:
    Unable to import "RSA.L".
    argument "conn" is missing, with no default
    --- failed re-building ‘estudy2-intro.Rmd’
    
    SUMMARY: processing the following file failed:
     ‘estudy2-intro.Rmd’
    
    Error: Vignette re-building failed.
    Execution halted
Flavors: r-devel-linux-x86_64-fedora-clang, r-devel-linux-x86_64-fedora-gcc, r-devel-windows-x86_64-gcc10-UCRT

Version: 0.9.2
Check: re-building of vignette outputs
Result: WARN
    Error(s) in re-building vignettes:
     ...
    --- re-building ‘estudy2-intro.Rmd’ using rmarkdown
    Warning in engine$weave(file, quiet = quiet, encoding = enc) :
     Pandoc (>= 1.12.3) not available. Falling back to R Markdown v1.
    'getSymbols' currently uses auto.assign=TRUE by default, but will
    use auto.assign=FALSE in 0.5-0. You will still be able to use
    'loadSymbols' to automatically load data. getOption("getSymbols.env")
    and getOption("getSymbols.auto.assign") will still be checked for
    alternate defaults.
    
    This message is shown once per session and may be disabled by setting
    options("getSymbols.warning4.0"=FALSE). See ?getSymbols for details.
    
    Warning: CS.PA contains missing values. Some functions will not work if objects contain missing values in the middle of the series. Consider using na.omit(), na.approx(), na.fill(), etc to remove or replace them.
    Warning: G.MI contains missing values. Some functions will not work if objects contain missing values in the middle of the series. Consider using na.omit(), na.approx(), na.fill(), etc to remove or replace them.
    Warning: RSA.L download failed; trying again.
    Quitting from lines 56-64 (estudy2-intro.Rmd)
    Error: processing vignette 'estudy2-intro.Rmd' failed with diagnostics:
    Unable to import "RSA.L".
    argument "conn" is missing, with no default
    --- failed re-building ‘estudy2-intro.Rmd’
    
    SUMMARY: processing the following file failed:
     ‘estudy2-intro.Rmd’
    
    Error: Vignette re-building failed.
    Execution halted
Flavor: r-patched-solaris-x86