CRAN Package Check Results for Package exampletestr

Last updated on 2021-08-02 10:52:17 CEST.

Flavor Version Tinstall Tcheck Ttotal Status Flags
r-devel-linux-x86_64-debian-clang 1.6.3 3.72 60.84 64.56 OK
r-devel-linux-x86_64-debian-gcc 1.6.3 2.64 47.27 49.91 OK
r-devel-linux-x86_64-fedora-clang 1.6.4 88.72 OK
r-devel-linux-x86_64-fedora-gcc 1.6.4 76.99 OK
r-devel-windows-x86_64 1.6.3 6.00 89.00 95.00 ERROR
r-devel-windows-x86_64-gcc10-UCRT 1.6.3 ERROR
r-patched-linux-x86_64 1.6.3 OK
r-patched-solaris-x86 1.6.4 106.70 OK
r-release-linux-x86_64 1.6.3 3.07 58.93 62.00 OK
r-release-macos-arm64 1.6.3 OK
r-release-macos-x86_64 1.6.3 OK
r-release-windows-ix86+x86_64 1.6.3 9.00 84.00 93.00 ERROR
r-oldrel-macos-x86_64 1.6.3 OK
r-oldrel-windows-ix86+x86_64 1.6.3 7.00 85.00 92.00 ERROR

Check Details

Version: 1.6.3
Check: tests
Result: ERROR
     Running 'spelling.R' [0s]
     Running 'testthat.R' [23s]
    Running the tests in 'tests/testthat.R' failed.
    Complete output:
     > library(testthat)
     > library(exampletestr)
     >
     > get_os <- function() {
     + sysinf <- Sys.info()
     + if (!is.null(sysinf)) {
     + os <- sysinf["sysname"]
     + if (os == "Darwin") {
     + os <- "osx"
     + }
     + } else { ## mystery machine
     + os <- .Platform$OS.type
     + if (grepl("^darwin", R.version$os)) {
     + os <- "osx"
     + }
     + if (grepl("linux-gnu", R.version$os)) {
     + os <- "linux"
     + }
     + }
     + if (os == "osx") os <- "mac"
     + tolower(os)
     + }
     >
     > if (get_os() != "mac" || Sys.getenv("NOT_CRAN") == "true") {
     + test_check("exampletestr")
     + }
     Error : [EBUSY] Failed to remove 'D:/temp/RtmpQ7TlXU/tmpkg/man/str_detect.Rd': resource busy or locked
     Error : [EBUSY] Failed to remove 'D:/temp/RtmpQ7TlXU/file1dea01c7431c4': resource busy or locked
     Error : [EBUSY] Failed to remove 'D:/temp/RtmpQ7TlXU/file1dea015b5288f': resource busy or locked
     Error : [EBUSY] Failed to remove 'D:/temp/RtmpQ7TlXU/file1dea01c15155e': resource busy or locked
     Error : [EBUSY] Failed to remove 'D:/temp/RtmpQ7TlXU/tmpkg/DESCRIPTION': resource busy or locked
     == Skipped tests ===============================================================
     * On CRAN (1)
    
     == Failed tests ================================================================
     -- Error (test-example-extraction.R:30:3): `extract_examples()` works ----------
     Error: Cannot open file for writing:
     * 'D:\temp\RtmpQ7TlXU\tmpkg\man\str_detect.Rd'
     Backtrace:
     x
     1. \-readr::write_lines(...) test-example-extraction.R:30:2
     2. \-vroom::vroom_write_lines(...)
     3. \-vroom::vroom_write(...)
     4. \-vroom:::vroom_write_(...)
     -- Error (test-utils.R:47:3): `check_for_DESCRIPTION()` works ------------------
     Error: [EBUSY] Failed to remove 'D:/temp/RtmpQ7TlXU/tmpkg/DESCRIPTION': resource busy or locked
     Backtrace:
     x
     1. \-fs::file_delete(paste0(pkg_dir, "/DESCRIPTION")) test-utils.R:47:2
    
     [ FAIL 2 | WARN 0 | SKIP 1 | PASS 23 ]
     Error: Test failures
     Execution halted
Flavor: r-devel-windows-x86_64

Version: 1.6.3
Check: tests
Result: ERROR
     Running 'spelling.R'
     Running 'testthat.R'
    Running the tests in 'tests/testthat.R' failed.
    Complete output:
     > library(testthat)
     > library(exampletestr)
     >
     > get_os <- function() {
     + sysinf <- Sys.info()
     + if (!is.null(sysinf)) {
     + os <- sysinf["sysname"]
     + if (os == "Darwin") {
     + os <- "osx"
     + }
     + } else { ## mystery machine
     + os <- .Platform$OS.type
     + if (grepl("^darwin", R.version$os)) {
     + os <- "osx"
     + }
     + if (grepl("linux-gnu", R.version$os)) {
     + os <- "linux"
     + }
     + }
     + if (os == "osx") os <- "mac"
     + tolower(os)
     + }
     >
     > if (get_os() != "mac" || Sys.getenv("NOT_CRAN") == "true") {
     + test_check("exampletestr")
     + }
     Error : [EBUSY] Failed to remove 'C:/msys64/home/tomas/ucrt3/svn/ucrt3/r_packages/pkgcheck/CRAN/exampletestr/tmp/Rtmp0e8ftr/tmpkg/man/str_detect.Rd': resource busy or locked
     Error : [EBUSY] Failed to remove 'C:/msys64/home/tomas/ucrt3/svn/ucrt3/r_packages/pkgcheck/CRAN/exampletestr/tmp/Rtmp0e8ftr/file2484116b394c': resource busy or locked
     Error : [EBUSY] Failed to remove 'C:/msys64/home/tomas/ucrt3/svn/ucrt3/r_packages/pkgcheck/CRAN/exampletestr/tmp/Rtmp0e8ftr/file24841145c11': resource busy or locked
     Error : [EBUSY] Failed to remove 'C:/msys64/home/tomas/ucrt3/svn/ucrt3/r_packages/pkgcheck/CRAN/exampletestr/tmp/Rtmp0e8ftr/tmpkg/man/str_detect.Rd': resource busy or locked
     Error : [EBUSY] Failed to remove 'C:/msys64/home/tomas/ucrt3/svn/ucrt3/r_packages/pkgcheck/CRAN/exampletestr/tmp/Rtmp0e8ftr/tmpkg/DESCRIPTION': resource busy or locked
     ══ Failed tests ════════════════════════════════════════════════════════════════
     ── Error (test-example-extraction.R:30:3): `extract_examples()` works ──────────
     Error: Cannot open file for writing:
     * 'C:\msys64\home\tomas\ucrt3\svn\ucrt3\r_packages\pkgcheck\CRAN\exampletestr\tmp\Rtmp0e8ftr\tmpkg\man\str_detect.Rd'
     Backtrace:
     █
     1. └─readr::write_lines(...) test-example-extraction.R:30:2
     2. └─vroom::vroom_write_lines(...)
     3. └─vroom::vroom_write(...)
     4. └─vroom:::vroom_write_(...)
     ── Error (test-files.R:64:3): `make_tests_shells_file()` and `make_tests_shells_pkg()` work ──
     Error: Cannot open file for writing:
     * 'C:\msys64\home\tomas\ucrt3\svn\ucrt3\r_packages\pkgcheck\CRAN\exampletestr\tmp\Rtmp0e8ftr\tmpkg\tests\testthat\test-detect.R'
     Backtrace:
     █
     1. └─exampletestr::make_tests_shells_pkg(pkg_dir, overwrite = TRUE) test-files.R:64:2
     2. ├─withr::with_options(...)
     3. │ └─base::force(code)
     4. └─purrr::map(...)
     5. └─exampletestr:::.f(.x[[i]], ...)
     6. └─readr::write_lines(combined, test_file_name)
     7. └─vroom::vroom_write_lines(...)
     8. └─vroom::vroom_write(...)
     9. └─vroom:::vroom_write_(...)
     ── Error (test-utils.R:47:3): `check_for_DESCRIPTION()` works ──────────────────
     Error: [EBUSY] Failed to remove 'C:/msys64/home/tomas/ucrt3/svn/ucrt3/r_packages/pkgcheck/CRAN/exampletestr/tmp/Rtmp0e8ftr/tmpkg/DESCRIPTION': resource busy or locked
     Backtrace:
     █
     1. └─fs::file_delete(paste0(pkg_dir, "/DESCRIPTION")) test-utils.R:47:2
    
     [ FAIL 3 | WARN 0 | SKIP 0 | PASS 22 ]
     Error: Test failures
     Execution halted
Flavor: r-devel-windows-x86_64-gcc10-UCRT

Version: 1.6.3
Check: tests
Result: ERROR
     Running 'spelling.R' [0s]
     Running 'testthat.R' [23s]
    Running the tests in 'tests/testthat.R' failed.
    Complete output:
     > library(testthat)
     > library(exampletestr)
     >
     > get_os <- function() {
     + sysinf <- Sys.info()
     + if (!is.null(sysinf)) {
     + os <- sysinf["sysname"]
     + if (os == "Darwin") {
     + os <- "osx"
     + }
     + } else { ## mystery machine
     + os <- .Platform$OS.type
     + if (grepl("^darwin", R.version$os)) {
     + os <- "osx"
     + }
     + if (grepl("linux-gnu", R.version$os)) {
     + os <- "linux"
     + }
     + }
     + if (os == "osx") os <- "mac"
     + tolower(os)
     + }
     >
     > if (get_os() != "mac" || Sys.getenv("NOT_CRAN") == "true") {
     + test_check("exampletestr")
     + }
     Error : [EBUSY] Failed to remove 'D:/temp/Rtmpyq0VnU/tmpkg/man/str_detect.Rd': resource busy or locked
     Error : [EBUSY] Failed to remove 'D:/temp/Rtmpyq0VnU/filecca014ef7454': resource busy or locked
     Error : [EBUSY] Failed to remove 'D:/temp/Rtmpyq0VnU/filecca016ff111': resource busy or locked
     Error : [EBUSY] Failed to remove 'D:/temp/Rtmpyq0VnU/filecca01ab268a8': resource busy or locked
     Error : [EBUSY] Failed to remove 'D:/temp/Rtmpyq0VnU/tmpkg/DESCRIPTION': resource busy or locked
     == Skipped tests ===============================================================
     * On CRAN (1)
    
     == Failed tests ================================================================
     -- Error (test-example-extraction.R:30:3): `extract_examples()` works ----------
     Error: Cannot open file for writing:
     * 'D:\temp\Rtmpyq0VnU\tmpkg\man\str_detect.Rd'
     Backtrace:
     x
     1. \-readr::write_lines(...) test-example-extraction.R:30:2
     2. \-vroom::vroom_write_lines(...)
     3. \-vroom::vroom_write(...)
     4. \-vroom:::vroom_write_(...)
     -- Error (test-utils.R:47:3): `check_for_DESCRIPTION()` works ------------------
     Error: [EBUSY] Failed to remove 'D:/temp/Rtmpyq0VnU/tmpkg/DESCRIPTION': resource busy or locked
     Backtrace:
     x
     1. \-fs::file_delete(paste0(pkg_dir, "/DESCRIPTION")) test-utils.R:47:2
    
     [ FAIL 2 | WARN 0 | SKIP 1 | PASS 23 ]
     Error: Test failures
     Execution halted
Flavor: r-release-windows-ix86+x86_64

Version: 1.6.3
Check: tests
Result: ERROR
     Running 'spelling.R' [0s]
     Running 'testthat.R' [23s]
    Running the tests in 'tests/testthat.R' failed.
    Complete output:
     > library(testthat)
     > library(exampletestr)
     >
     > get_os <- function() {
     + sysinf <- Sys.info()
     + if (!is.null(sysinf)) {
     + os <- sysinf["sysname"]
     + if (os == "Darwin") {
     + os <- "osx"
     + }
     + } else { ## mystery machine
     + os <- .Platform$OS.type
     + if (grepl("^darwin", R.version$os)) {
     + os <- "osx"
     + }
     + if (grepl("linux-gnu", R.version$os)) {
     + os <- "linux"
     + }
     + }
     + if (os == "osx") os <- "mac"
     + tolower(os)
     + }
     >
     > if (get_os() != "mac" || Sys.getenv("NOT_CRAN") == "true") {
     + test_check("exampletestr")
     + }
     Error : [EBUSY] Failed to remove 'D:/temp/RtmpqAiLqb/tmpkg/man/str_detect.Rd': resource busy or locked
     Error : [EBUSY] Failed to remove 'D:/temp/RtmpqAiLqb/file1e1f410007b33': resource busy or locked
     Error : [EBUSY] Failed to remove 'D:/temp/RtmpqAiLqb/file1e1f411d21cb': resource busy or locked
     Error : [EBUSY] Failed to remove 'D:/temp/RtmpqAiLqb/file1e1f41502483b': resource busy or locked
     Error : [EBUSY] Failed to remove 'D:/temp/RtmpqAiLqb/tmpkg/DESCRIPTION': resource busy or locked
     == Skipped tests ===============================================================
     * On CRAN (1)
    
     == Failed tests ================================================================
     -- Error (test-example-extraction.R:30:3): `extract_examples()` works ----------
     Error: Cannot open file for writing:
     * 'D:\temp\RtmpqAiLqb\tmpkg\man\str_detect.Rd'
     Backtrace:
     x
     1. \-readr::write_lines(...) test-example-extraction.R:30:2
     2. \-vroom::vroom_write_lines(...)
     3. \-vroom::vroom_write(...)
     4. \-vroom:::vroom_write_(...)
     -- Error (test-utils.R:47:3): `check_for_DESCRIPTION()` works ------------------
     Error: [EBUSY] Failed to remove 'D:/temp/RtmpqAiLqb/tmpkg/DESCRIPTION': resource busy or locked
     Backtrace:
     x
     1. \-fs::file_delete(paste0(pkg_dir, "/DESCRIPTION")) test-utils.R:47:2
    
     [ FAIL 2 | WARN 0 | SKIP 1 | PASS 23 ]
     Error: Test failures
     Execution halted
Flavor: r-oldrel-windows-ix86+x86_64