CRAN Package Check Results for Package exceedProb

Last updated on 2021-07-29 13:53:29 CEST.

Flavor Version Tinstall Tcheck Ttotal Status Flags
r-devel-linux-x86_64-debian-clang 0.0.1 NOTE
r-devel-linux-x86_64-debian-gcc 0.0.1 21.87 20.60 42.47 NOTE
r-devel-linux-x86_64-fedora-clang 0.0.1 88.34 NOTE
r-devel-linux-x86_64-fedora-gcc 0.0.1 70.81 NOTE
r-devel-windows-x86_64 0.0.1 34.00 54.00 88.00 NOTE
r-devel-windows-x86_64-gcc10-UCRT 0.0.1 NOTE
r-patched-linux-x86_64 0.0.1 24.51 25.16 49.67 NOTE
r-patched-solaris-x86 0.0.1 83.50 NOTE
r-release-linux-x86_64 0.0.1 25.04 25.13 50.17 NOTE
r-release-macos-arm64 0.0.1 NOTE
r-release-macos-x86_64 0.0.1 NOTE
r-release-windows-ix86+x86_64 0.0.1 74.00 50.00 124.00 NOTE
r-oldrel-macos-x86_64 0.0.1 OK
r-oldrel-windows-ix86+x86_64 0.0.1 54.00 67.00 121.00 OK

Check Details

Version: 0.0.1
Check: LazyData
Result: NOTE
     'LazyData' is specified without a 'data' directory
Flavors: r-devel-linux-x86_64-debian-clang, r-devel-linux-x86_64-debian-gcc, r-devel-linux-x86_64-fedora-clang, r-devel-linux-x86_64-fedora-gcc, r-devel-windows-x86_64, r-devel-windows-x86_64-gcc10-UCRT, r-patched-linux-x86_64, r-patched-solaris-x86, r-release-linux-x86_64, r-release-macos-arm64, r-release-macos-x86_64, r-release-windows-ix86+x86_64