CRAN Package Check Results for Package exiftoolr

Last updated on 2021-10-17 10:49:13 CEST.

Flavor Version Tinstall Tcheck Ttotal Status Flags
r-devel-linux-x86_64-debian-clang 0.1.5 2.90 27.26 30.16 NOTE
r-devel-linux-x86_64-debian-gcc 0.1.5 2.26 21.20 23.46 NOTE
r-devel-linux-x86_64-fedora-clang 0.1.5 46.28 NOTE
r-devel-linux-x86_64-fedora-gcc 0.1.5 34.92 NOTE
r-devel-windows-x86_64 0.1.5 6.00 45.00 51.00 NOTE
r-devel-windows-x86_64-gcc10-UCRT 0.1.5 NOTE
r-patched-linux-x86_64 0.1.5 2.41 25.99 28.40 NOTE
r-patched-solaris-x86 0.1.5 55.40 NOTE
r-release-linux-x86_64 0.1.5 2.78 25.75 28.53 NOTE
r-release-macos-arm64 0.1.5 NOTE
r-release-macos-x86_64 0.1.5 NOTE
r-release-windows-ix86+x86_64 0.1.5 5.00 42.00 47.00 NOTE
r-oldrel-macos-x86_64 0.1.5 OK
r-oldrel-windows-ix86+x86_64 0.1.5 7.00 42.00 49.00 OK

Check Details

Version: 0.1.5
Check: LazyData
Result: NOTE
     'LazyData' is specified without a 'data' directory
Flavors: r-devel-linux-x86_64-debian-clang, r-devel-linux-x86_64-debian-gcc, r-devel-linux-x86_64-fedora-clang, r-devel-linux-x86_64-fedora-gcc, r-devel-windows-x86_64, r-devel-windows-x86_64-gcc10-UCRT, r-patched-linux-x86_64, r-patched-solaris-x86, r-release-linux-x86_64, r-release-macos-arm64, r-release-macos-x86_64, r-release-windows-ix86+x86_64