CRAN Package Check Results for Package explor

Last updated on 2021-09-22 10:51:32 CEST.

Flavor Version Tinstall Tcheck Ttotal Status Flags
r-devel-linux-x86_64-debian-clang 0.3.9 9.91 81.72 91.63 OK
r-devel-linux-x86_64-debian-gcc 0.3.9 7.75 59.95 67.70 OK
r-devel-linux-x86_64-fedora-clang 0.3.9 113.31 OK
r-devel-linux-x86_64-fedora-gcc 0.3.9 103.13 OK
r-devel-windows-x86_64 0.3.9 11.00 80.00 91.00 OK
r-devel-windows-x86_64-gcc10-UCRT 0.3.9 ERROR
r-patched-linux-x86_64 0.3.9 6.94 76.47 83.41 OK
r-patched-solaris-x86 0.3.9 144.80 OK
r-release-linux-x86_64 0.3.9 8.47 76.97 85.44 OK
r-release-macos-arm64 0.3.9 OK
r-release-macos-x86_64 0.3.9 OK
r-release-windows-ix86+x86_64 0.3.9 21.00 75.00 96.00 OK
r-oldrel-macos-x86_64 0.3.9 OK
r-oldrel-windows-ix86+x86_64 0.3.9 15.00 75.00 90.00 OK

Check Details

Version: 0.3.9
Check: package dependencies
Result: NOTE
    Packages suggested but not available for checking:
     'quanteda', 'quanteda.textmodels'
Flavor: r-devel-windows-x86_64-gcc10-UCRT

Version: 0.3.9
Check: Rd cross-references
Result: NOTE
    Package unavailable to check Rd xrefs: 'quanteda.textmodels'
Flavor: r-devel-windows-x86_64-gcc10-UCRT

Version: 0.3.9
Check: PDF version of manual
Result: WARN
    LaTeX errors when creating PDF version.
    This typically indicates Rd problems.
Flavor: r-devel-windows-x86_64-gcc10-UCRT

Version: 0.3.9
Check: PDF version of manual without hyperrefs or index
Result: ERROR
    Re-running with no redirection of stdout/stderr.
Flavor: r-devel-windows-x86_64-gcc10-UCRT