CRAN Package Check Results for Package extdplyr

Last updated on 2021-07-29 10:52:57 CEST.

Flavor Version Tinstall Tcheck Ttotal Status Flags
r-devel-linux-x86_64-debian-clang 0.1.5 NOTE
r-devel-linux-x86_64-debian-gcc 0.1.5 3.23 33.18 36.41 NOTE
r-devel-linux-x86_64-fedora-clang 0.1.5 64.56 NOTE
r-devel-linux-x86_64-fedora-gcc 0.1.5 54.31 NOTE
r-devel-windows-x86_64 0.1.5 6.00 61.00 67.00 NOTE
r-devel-windows-x86_64-gcc10-UCRT 0.1.5 NOTE
r-patched-linux-x86_64 0.1.5 3.50 40.79 44.29 NOTE
r-patched-solaris-x86 0.1.5 78.40 NOTE
r-release-linux-x86_64 0.1.5 4.16 41.14 45.30 NOTE
r-release-macos-arm64 0.1.5 NOTE
r-release-macos-x86_64 0.1.5 NOTE
r-release-windows-ix86+x86_64 0.1.5 12.00 45.00 57.00 NOTE
r-oldrel-macos-x86_64 0.1.5 OK
r-oldrel-windows-ix86+x86_64 0.1.5 7.00 62.00 69.00 OK

Check Details

Version: 0.1.5
Check: LazyData
Result: NOTE
     'LazyData' is specified without a 'data' directory
Flavors: r-devel-linux-x86_64-debian-clang, r-devel-linux-x86_64-debian-gcc, r-devel-linux-x86_64-fedora-clang, r-devel-linux-x86_64-fedora-gcc, r-devel-windows-x86_64, r-devel-windows-x86_64-gcc10-UCRT, r-patched-linux-x86_64, r-patched-solaris-x86, r-release-linux-x86_64, r-release-macos-arm64, r-release-macos-x86_64, r-release-windows-ix86+x86_64