CRAN Package Check Results for Package extrafontdb

Last updated on 2021-11-30 06:49:24 CET.

Flavor Version Tinstall Tcheck Ttotal Status Flags
r-devel-linux-x86_64-debian-clang 1.0 1.54 17.40 18.94 NOTE
r-devel-linux-x86_64-debian-gcc 1.0 1.30 13.73 15.03 NOTE
r-devel-linux-x86_64-fedora-clang 1.0 34.43 NOTE
r-devel-linux-x86_64-fedora-gcc 1.0 23.58 NOTE
r-devel-windows-x86_64-new-UL 1.0 4.00 45.00 49.00 NOTE
r-devel-windows-x86_64-new-TK 1.0 NOTE
r-devel-windows-x86_64-old 1.0 3.00 23.00 26.00 NOTE
r-patched-linux-x86_64 1.0 1.55 16.53 18.08 NOTE
r-patched-solaris-x86 1.0 37.20 NOTE
r-release-linux-x86_64 1.0 1.69 16.66 18.35 NOTE
r-release-macos-arm64 1.0 NOTE
r-release-macos-x86_64 1.0 NOTE
r-release-windows-ix86+x86_64 1.0 4.00 22.00 26.00 NOTE
r-oldrel-macos-x86_64 1.0 NOTE
r-oldrel-windows-ix86+x86_64 1.0 4.00 23.00 27.00 NOTE

Check Details

Version: 1.0
Check: DESCRIPTION meta-information
Result: NOTE
    Malformed Description field: should contain one or more complete sentences.
Flavors: r-devel-linux-x86_64-debian-clang, r-devel-linux-x86_64-debian-gcc, r-devel-linux-x86_64-fedora-clang, r-devel-linux-x86_64-fedora-gcc, r-devel-windows-x86_64-new-UL, r-devel-windows-x86_64-new-TK, r-devel-windows-x86_64-old, r-patched-linux-x86_64, r-patched-solaris-x86, r-release-linux-x86_64, r-release-macos-arm64, r-release-macos-x86_64, r-release-windows-ix86+x86_64, r-oldrel-macos-x86_64, r-oldrel-windows-ix86+x86_64