CRAN Package Check Results for Package eyetrackingR

Last updated on 2024-02-23 04:01:59 CET.

Flavor Version Tinstall Tcheck Ttotal Status Flags
r-devel-linux-x86_64-debian-clang 0.2.1 OK
r-devel-linux-x86_64-debian-gcc 0.2.1 7.18 356.30 363.48 OK
r-devel-linux-x86_64-fedora-clang 0.2.1 585.25 NOTE
r-devel-linux-x86_64-fedora-gcc 0.2.1 606.62 NOTE
r-devel-windows-x86_64 0.2.1 10.00 323.00 333.00 NOTE
r-patched-linux-x86_64 0.2.1 7.38 474.13 481.51 OK
r-release-linux-x86_64 0.2.1 6.46 482.52 488.98 OK
r-release-macos-arm64 0.2.1 171.00 OK
r-release-macos-x86_64 0.2.1 493.00 OK
r-release-windows-x86_64 0.2.1 14.00 447.00 461.00 NOTE
r-oldrel-macos-arm64 0.2.1 176.00 OK
r-oldrel-windows-x86_64 0.2.1 14.00 441.00 455.00 NOTE

Check Details

Version: 0.2.1
Check: dependencies in R code
Result: NOTE Namespace in Imports field not imported from: ‘rlang’ All declared Imports should be used. Flavors: r-devel-linux-x86_64-fedora-clang, r-devel-linux-x86_64-fedora-gcc

Version: 0.2.1
Check: package dependencies
Result: NOTE Package suggested but not available for checking: 'doMC' Flavors: r-devel-windows-x86_64, r-release-windows-x86_64, r-oldrel-windows-x86_64