CRAN Package Check Results for Package ezCutoffs

Last updated on 2021-10-17 04:50:18 CEST.

Flavor Version Tinstall Tcheck Ttotal Status Flags
r-devel-linux-x86_64-debian-clang 1.0.1 5.18 60.83 66.01 NOTE
r-devel-linux-x86_64-debian-gcc 1.0.1 4.45 44.74 49.19 NOTE
r-devel-linux-x86_64-fedora-clang 1.0.1 88.62 NOTE
r-devel-linux-x86_64-fedora-gcc 1.0.1 74.12 NOTE
r-devel-windows-x86_64 1.0.1 9.00 80.00 89.00 NOTE
r-devel-windows-x86_64-gcc10-UCRT 1.0.1 NOTE
r-patched-linux-x86_64 1.0.1 4.47 55.39 59.86 NOTE
r-patched-solaris-x86 1.0.1 107.00 NOTE
r-release-linux-x86_64 1.0.1 5.08 55.27 60.35 NOTE
r-release-macos-arm64 1.0.1 NOTE
r-release-macos-x86_64 1.0.1 NOTE
r-release-windows-ix86+x86_64 1.0.1 15.00 80.00 95.00 NOTE
r-oldrel-macos-x86_64 1.0.1 OK
r-oldrel-windows-ix86+x86_64 1.0.1 15.00 75.00 90.00 OK

Check Details

Version: 1.0.1
Check: LazyData
Result: NOTE
     'LazyData' is specified without a 'data' directory
Flavors: r-devel-linux-x86_64-debian-clang, r-devel-linux-x86_64-debian-gcc, r-devel-linux-x86_64-fedora-clang, r-devel-linux-x86_64-fedora-gcc, r-devel-windows-x86_64, r-devel-windows-x86_64-gcc10-UCRT, r-patched-linux-x86_64, r-patched-solaris-x86, r-release-linux-x86_64, r-release-macos-arm64, r-release-macos-x86_64, r-release-windows-ix86+x86_64