CRAN Package Check Results for Package fBasics

Last updated on 2021-10-24 10:49:41 CEST.

Flavor Version Tinstall Tcheck Ttotal Status Flags
r-devel-linux-x86_64-debian-clang 3042.89.1 77.23 172.54 249.77 OK
r-devel-linux-x86_64-debian-gcc 3042.89.1 61.71 130.71 192.42 OK
r-devel-linux-x86_64-fedora-clang 3042.89.1 309.92 NOTE
r-devel-linux-x86_64-fedora-gcc 3042.89.1 278.39 NOTE
r-devel-windows-x86_64 3042.89.1 107.00 152.00 259.00 OK
r-devel-windows-x86_64-gcc10-UCRT 3042.89.1 OK
r-patched-linux-x86_64 3042.89.1 70.34 165.29 235.63 OK
r-patched-solaris-x86 3042.89.1 441.40 OK
r-release-linux-x86_64 3042.89.1 69.87 166.30 236.17 OK
r-release-macos-arm64 3042.89.1 OK
r-release-macos-x86_64 3042.89.1 OK
r-release-windows-ix86+x86_64 3042.89.1 78.00 236.00 314.00 OK
r-oldrel-macos-x86_64 3042.89.1 OK
r-oldrel-windows-ix86+x86_64 3042.89.1 115.00 251.00 366.00 OK

Check Details

Version: 3042.89.1
Check: compiled code
Result: NOTE
    File ‘fBasics/libs/fBasics.so’:
     Found no calls to: ‘R_registerRoutines’, ‘R_useDynamicSymbols’
    
    It is good practice to register native routines and to disable symbol
    search.
    
    See ‘Writing portable packages’ in the ‘Writing R Extensions’ manual.
Flavors: r-devel-linux-x86_64-fedora-clang, r-devel-linux-x86_64-fedora-gcc