CRAN Package Check Results for Package fabricerin

Last updated on 2021-07-29 13:53:29 CEST.

Flavor Version Tinstall Tcheck Ttotal Status Flags
r-devel-linux-x86_64-debian-clang 0.1.2 NOTE
r-devel-linux-x86_64-debian-gcc 0.1.2 1.86 17.40 19.26 NOTE
r-devel-linux-x86_64-fedora-clang 0.1.2 37.86 NOTE
r-devel-linux-x86_64-fedora-gcc 0.1.2 27.31 NOTE
r-devel-windows-x86_64 0.1.2 3.00 38.00 41.00 NOTE
r-devel-windows-x86_64-gcc10-UCRT 0.1.2 NOTE
r-patched-linux-x86_64 0.1.2 2.79 21.13 23.92 NOTE
r-patched-solaris-x86 0.1.2 43.70 NOTE
r-release-linux-x86_64 0.1.2 2.31 21.59 23.90 NOTE
r-release-macos-arm64 0.1.2 NOTE
r-release-macos-x86_64 0.1.2 NOTE
r-release-windows-ix86+x86_64 0.1.2 5.00 27.00 32.00 NOTE
r-oldrel-macos-x86_64 0.1.2 OK
r-oldrel-windows-ix86+x86_64 0.1.2 6.00 35.00 41.00 OK

Check Details

Version: 0.1.2
Check: LazyData
Result: NOTE
     'LazyData' is specified without a 'data' directory
Flavors: r-devel-linux-x86_64-debian-clang, r-devel-linux-x86_64-debian-gcc, r-devel-linux-x86_64-fedora-clang, r-devel-linux-x86_64-fedora-gcc, r-devel-windows-x86_64, r-devel-windows-x86_64-gcc10-UCRT, r-patched-linux-x86_64, r-patched-solaris-x86, r-release-linux-x86_64, r-release-macos-arm64, r-release-macos-x86_64, r-release-windows-ix86+x86_64