CRAN Package Check Results for Package factorstochvol

Last updated on 2021-09-23 04:56:22 CEST.

Flavor Version Tinstall Tcheck Ttotal Status Flags
r-devel-linux-x86_64-debian-clang 0.10.2 112.40 106.55 218.95 OK
r-devel-linux-x86_64-debian-gcc 0.10.2 81.70 80.18 161.88 OK
r-devel-linux-x86_64-fedora-clang 0.10.2 292.73 NOTE
r-devel-linux-x86_64-fedora-gcc 0.10.2 269.33 OK
r-devel-windows-x86_64 0.10.2 101.00 98.00 199.00 OK
r-devel-windows-x86_64-gcc10-UCRT 0.10.2 ERROR
r-patched-linux-x86_64 0.10.2 89.46 102.74 192.20 OK
r-patched-solaris-x86 0.10.2 652.00 OK
r-release-linux-x86_64 0.10.2 96.18 102.58 198.76 OK
r-release-macos-arm64 0.10.2 NOTE
r-release-macos-x86_64 0.10.2 NOTE
r-release-windows-ix86+x86_64 0.10.2 248.00 129.00 377.00 NOTE
r-oldrel-macos-x86_64 0.10.2 NOTE
r-oldrel-windows-ix86+x86_64 0.10.2 175.00 128.00 303.00 NOTE

Additional issues

donttest

Check Details

Version: 0.10.2
Check: installed package size
Result: NOTE
     installed size is 7.1Mb
     sub-directories of 1Mb or more:
     doc 2.5Mb
     libs 4.2Mb
Flavors: r-devel-linux-x86_64-fedora-clang, r-release-macos-arm64, r-release-macos-x86_64, r-release-windows-ix86+x86_64, r-oldrel-macos-x86_64, r-oldrel-windows-ix86+x86_64

Version: 0.10.2
Check: whether package can be installed
Result: ERROR
    Installation failed.
Flavor: r-devel-windows-x86_64-gcc10-UCRT