CRAN Package Check Results for Package fairadapt

Last updated on 2021-08-05 16:49:09 CEST.

Flavor Version Tinstall Tcheck Ttotal Status Flags
r-devel-linux-x86_64-debian-clang 0.2.0 9.75 124.18 133.93 OK
r-devel-linux-x86_64-debian-gcc 0.2.0 7.63 95.57 103.20 OK
r-devel-linux-x86_64-fedora-clang 0.2.0 161.84 OK
r-devel-linux-x86_64-fedora-gcc 0.2.0 151.91 OK
r-devel-windows-x86_64 0.2.0 14.00 124.00 138.00 OK
r-devel-windows-x86_64-gcc10-UCRT 0.2.0 ERROR
r-patched-linux-x86_64 0.2.0 8.33 117.30 125.63 OK
r-patched-solaris-x86 0.2.0 232.20 OK
r-release-linux-x86_64 0.2.0 9.24 117.32 126.56 OK
r-release-macos-arm64 0.2.0 OK
r-release-macos-x86_64 0.2.0 OK
r-release-windows-ix86+x86_64 0.2.0 14.00 97.00 111.00 OK
r-oldrel-macos-x86_64 0.2.0 OK
r-oldrel-windows-ix86+x86_64 0.2.0 19.00 125.00 144.00 OK

Check Details

Version: 0.2.0
Check: package dependencies
Result: ERROR
    Packages required but not available: 'ggplot2', 'cowplot'
    
    Package suggested but not available for checking: 'testthat'
    
    See section 'The DESCRIPTION file' in the 'Writing R Extensions'
    manual.
Flavor: r-devel-windows-x86_64-gcc10-UCRT