CRAN Package Check Results for Package fakeR

Last updated on 2021-12-02 15:52:39 CET.

Flavor Version Tinstall Tcheck Ttotal Status Flags
r-devel-linux-x86_64-debian-clang 1.0 3.91 44.46 48.37 NOTE
r-devel-linux-x86_64-debian-gcc 1.0 3.12 35.59 38.71 NOTE
r-devel-linux-x86_64-fedora-clang 1.0 74.80 OK
r-devel-linux-x86_64-fedora-gcc 1.0 62.97 OK
r-devel-windows-x86_64-new-UL 1.0 9.00 91.00 100.00 NOTE
r-devel-windows-x86_64-new-TK 1.0 OK
r-devel-windows-x86_64-old 1.0 7.00 54.00 61.00 NOTE
r-patched-linux-x86_64 1.0 4.21 43.00 47.21 NOTE
r-patched-solaris-x86 1.0 85.50 OK
r-release-linux-x86_64 1.0 3.74 42.78 46.52 NOTE
r-release-macos-arm64 1.0 OK
r-release-macos-x86_64 1.0 OK
r-release-windows-ix86+x86_64 1.0 10.00 64.00 74.00 NOTE
r-oldrel-macos-x86_64 1.0 OK
r-oldrel-windows-ix86+x86_64 1.0 11.00 65.00 76.00 NOTE

Check Details

Version: 1.0
Check: package vignettes
Result: NOTE
    Package vignette with placeholder title 'Vignette Title':
     'my-vignette.Rmd'
Flavors: r-devel-linux-x86_64-debian-clang, r-devel-linux-x86_64-debian-gcc, r-devel-windows-x86_64-new-UL, r-devel-windows-x86_64-old, r-patched-linux-x86_64, r-release-linux-x86_64, r-release-windows-ix86+x86_64, r-oldrel-windows-ix86+x86_64