CRAN Package Check Results for Package fanc

Last updated on 2021-07-29 10:52:57 CEST.

Flavor Version Tinstall Tcheck Ttotal Status Flags
r-devel-linux-x86_64-debian-clang 2.2 OK
r-devel-linux-x86_64-debian-gcc 2.2 9.37 50.74 60.11 OK
r-devel-linux-x86_64-fedora-clang 2.2 101.76 NOTE
r-devel-linux-x86_64-fedora-gcc 2.2 90.88 NOTE
r-devel-windows-x86_64 2.2 13.00 87.00 100.00 OK
r-devel-windows-x86_64-gcc10-UCRT 2.2 OK
r-patched-linux-x86_64 2.2 10.60 63.88 74.48 OK
r-patched-solaris-x86 2.2 136.10 OK
r-release-linux-x86_64 2.2 11.24 63.42 74.66 OK
r-release-macos-arm64 2.2 OK
r-release-macos-x86_64 2.2 OK
r-release-windows-ix86+x86_64 2.2 26.00 80.00 106.00 OK
r-oldrel-macos-x86_64 2.2 OK
r-oldrel-windows-ix86+x86_64 2.2 21.00 107.00 128.00 OK

Check Details

Version: 2.2
Check: compiled code
Result: NOTE
    File ‘fanc/libs/fanc.so’:
     Found no calls to: ‘R_registerRoutines’, ‘R_useDynamicSymbols’
    
    It is good practice to register native routines and to disable symbol
    search.
    
    See ‘Writing portable packages’ in the ‘Writing R Extensions’ manual.
Flavors: r-devel-linux-x86_64-fedora-clang, r-devel-linux-x86_64-fedora-gcc