CRAN Package Check Results for Package fancycut

Last updated on 2021-09-18 22:53:01 CEST.

Flavor Version Tinstall Tcheck Ttotal Status Flags
r-devel-linux-x86_64-debian-clang 0.1.2 1.93 21.68 23.61 NOTE
r-devel-linux-x86_64-debian-gcc 0.1.2 1.49 17.38 18.87 NOTE
r-devel-linux-x86_64-fedora-clang 0.1.2 37.90 NOTE
r-devel-linux-x86_64-fedora-gcc 0.1.2 27.03 NOTE
r-devel-windows-x86_64 0.1.2 4.00 38.00 42.00 NOTE
r-devel-windows-x86_64-gcc10-UCRT 0.1.2 NOTE
r-patched-linux-x86_64 0.1.2 1.75 21.06 22.81 NOTE
r-patched-solaris-x86 0.1.2 44.90 NOTE
r-release-linux-x86_64 0.1.2 1.73 21.17 22.90 NOTE
r-release-macos-arm64 0.1.2 NOTE
r-release-macos-x86_64 0.1.2 NOTE
r-release-windows-ix86+x86_64 0.1.2 5.00 29.00 34.00 NOTE
r-oldrel-macos-x86_64 0.1.2 OK
r-oldrel-windows-ix86+x86_64 0.1.2 4.00 29.00 33.00 OK

Check Details

Version: 0.1.2
Check: LazyData
Result: NOTE
     'LazyData' is specified without a 'data' directory
Flavors: r-devel-linux-x86_64-debian-clang, r-devel-linux-x86_64-debian-gcc, r-devel-linux-x86_64-fedora-clang, r-devel-linux-x86_64-fedora-gcc, r-devel-windows-x86_64, r-devel-windows-x86_64-gcc10-UCRT, r-patched-linux-x86_64, r-patched-solaris-x86, r-release-linux-x86_64, r-release-macos-arm64, r-release-macos-x86_64, r-release-windows-ix86+x86_64