CRAN Package Check Results for Package fanovaGraph

Last updated on 2024-07-23 04:57:37 CEST.

Flavor Version Tinstall Tcheck Ttotal Status Flags
r-devel-linux-x86_64-debian-clang 1.5 16.87 182.02 198.89 OK
r-devel-linux-x86_64-debian-gcc 1.5 12.80 137.70 150.50 NOTE
r-devel-linux-x86_64-fedora-clang 1.5 250.65 OK
r-devel-linux-x86_64-fedora-gcc 1.5 239.99 OK
r-devel-windows-x86_64 1.5 16.00 154.00 170.00 NOTE
r-patched-linux-x86_64 1.5 20.32 176.62 196.94 OK
r-release-linux-x86_64 1.5 11.41 176.27 187.68 OK
r-release-macos-arm64 1.5 92.00 OK
r-release-macos-x86_64 1.5 120.00 OK
r-release-windows-x86_64 1.5 16.00 150.00 166.00 OK
r-oldrel-macos-arm64 1.5 76.00 OK
r-oldrel-macos-x86_64 1.5 123.00 OK
r-oldrel-windows-x86_64 1.5 21.00 183.00 204.00 OK

Check Details

Version: 1.5
Check: Rd cross-references
Result: NOTE Found the following Rd file(s) with Rd \link{} targets missing package anchors: kmPredictWrapper.Rd: predict.km, fast99 Please provide package anchors for all Rd \link{} targets not in the package itself and the base packages. Flavors: r-devel-linux-x86_64-debian-gcc, r-devel-windows-x86_64