CRAN Package Check Results for Package fansi

Last updated on 2021-09-20 01:48:38 CEST.

Flavor Version Tinstall Tcheck Ttotal Status Flags
r-devel-linux-x86_64-debian-clang 0.5.0 7.12 52.22 59.34 OK
r-devel-linux-x86_64-debian-gcc 0.5.0 4.84 39.69 44.53 OK
r-devel-linux-x86_64-fedora-clang 0.5.0 78.76 OK
r-devel-linux-x86_64-fedora-gcc 0.5.0 70.27 OK
r-devel-windows-x86_64 0.5.0 15.00 62.00 77.00 OK
r-devel-windows-x86_64-gcc10-UCRT 0.5.0 ERROR
r-patched-linux-x86_64 0.5.0 7.21 49.92 57.13 OK
r-patched-solaris-x86 0.5.0 93.80 OK
r-release-linux-x86_64 0.5.0 6.36 49.70 56.06 OK
r-release-macos-arm64 0.5.0 OK
r-release-macos-x86_64 0.5.0 OK
r-release-windows-ix86+x86_64 0.5.0 29.00 79.00 108.00 OK
r-oldrel-macos-x86_64 0.5.0 OK
r-oldrel-windows-ix86+x86_64 0.5.0 28.00 108.00 136.00 OK

Check Details

Version: 0.5.0
Check: whether package can be installed
Result: ERROR
    Installation failed.
Flavor: r-devel-windows-x86_64-gcc10-UCRT