CRAN Package Check Results for Package farff

Last updated on 2021-11-28 06:48:39 CET.

Flavor Version Tinstall Tcheck Ttotal Status Flags
r-devel-linux-x86_64-debian-clang 1.1.1 OK
r-devel-linux-x86_64-debian-gcc 1.1.1 3.74 26.48 30.22 OK
r-devel-linux-x86_64-fedora-clang 1.1.1 57.45 NOTE
r-devel-linux-x86_64-fedora-gcc 1.1.1 45.97 OK
r-devel-windows-x86_64-new-UL 1.1.1 14.00 71.00 85.00 OK
r-devel-windows-x86_64-new-TK 1.1.1 OK
r-devel-windows-x86_64-old 1.1.1 8.00 55.00 63.00 OK
r-patched-linux-x86_64 1.1.1 4.44 31.97 36.41 OK
r-patched-solaris-x86 1.1.1 81.50 OK
r-release-linux-x86_64 1.1.1 4.00 32.02 36.02 OK
r-release-macos-arm64 1.1.1 OK
r-release-macos-x86_64 1.1.1 OK
r-release-windows-ix86+x86_64 1.1.1 15.00 49.00 64.00 OK
r-oldrel-macos-x86_64 1.1.1 OK
r-oldrel-windows-ix86+x86_64 1.1.1 24.00 66.00 90.00 OK

Check Details

Version: 1.1.1
Check: Rd cross-references
Result: NOTE
    Undeclared package ‘RWeka’ in Rd xrefs
Flavor: r-devel-linux-x86_64-fedora-clang