CRAN Package Check Results for Package farr

Last updated on 2024-07-19 22:56:45 CEST.

Flavor Version Tinstall Tcheck Ttotal Status Flags
r-devel-linux-x86_64-debian-clang 0.3.0 15.66 60.50 76.16 OK
r-devel-linux-x86_64-debian-gcc 0.3.0 11.87 45.91 57.78 OK
r-devel-linux-x86_64-fedora-clang 0.3.0 97.99 NOTE
r-devel-linux-x86_64-fedora-gcc 0.3.0 90.62 NOTE
r-devel-windows-x86_64 0.3.0 15.00 73.00 88.00 OK
r-patched-linux-x86_64 0.3.0 12.06 57.30 69.36 OK
r-release-linux-x86_64 0.3.0 9.09 56.90 65.99 OK
r-release-macos-arm64 0.3.0 35.00 OK
r-release-macos-x86_64 0.3.0 57.00 OK
r-release-windows-x86_64 0.3.0 14.00 72.00 86.00 OK
r-oldrel-macos-arm64 0.3.0 42.00 OK
r-oldrel-macos-x86_64 0.3.0 78.00 OK
r-oldrel-windows-x86_64 0.3.0 16.00 85.00 101.00 OK

Check Details

Version: 0.3.0
Check: data for non-ASCII characters
Result: NOTE Note: found 1430 marked UTF-8 strings Flavors: r-devel-linux-x86_64-fedora-clang, r-devel-linux-x86_64-fedora-gcc