CRAN Package Check Results for Package fastAdaboost

Last updated on 2021-09-25 04:57:35 CEST.

Flavor Version Tinstall Tcheck Ttotal Status Flags
r-devel-linux-x86_64-debian-clang 1.0.0 44.70 32.88 77.58 NOTE
r-devel-linux-x86_64-debian-gcc 1.0.0 30.67 25.89 56.56 NOTE
r-devel-linux-x86_64-fedora-clang 1.0.0 117.84 NOTE
r-devel-linux-x86_64-fedora-gcc 1.0.0 95.87 NOTE
r-devel-windows-x86_64 1.0.0 47.00 50.00 97.00 NOTE
r-devel-windows-x86_64-gcc10-UCRT 1.0.0 NOTE
r-patched-linux-x86_64 1.0.0 35.77 31.70 67.47 NOTE
r-patched-solaris-x86 1.0.0 114.10 NOTE
r-release-linux-x86_64 1.0.0 34.10 31.73 65.83 NOTE
r-release-macos-arm64 1.0.0 NOTE
r-release-macos-x86_64 1.0.0 NOTE
r-release-windows-ix86+x86_64 1.0.0 106.00 63.00 169.00 NOTE
r-oldrel-macos-x86_64 1.0.0 OK
r-oldrel-windows-ix86+x86_64 1.0.0 98.00 64.00 162.00 OK

Additional issues

clang-UBSAN

Check Details

Version: 1.0.0
Check: LazyData
Result: NOTE
     'LazyData' is specified without a 'data' directory
Flavors: r-devel-linux-x86_64-debian-clang, r-devel-linux-x86_64-debian-gcc, r-devel-linux-x86_64-fedora-clang, r-devel-linux-x86_64-fedora-gcc, r-devel-windows-x86_64, r-devel-windows-x86_64-gcc10-UCRT, r-patched-linux-x86_64, r-patched-solaris-x86, r-release-linux-x86_64, r-release-macos-arm64, r-release-macos-x86_64, r-release-windows-ix86+x86_64

Version: 1.0.0
Check: compiled code
Result: NOTE
    File ‘fastAdaboost/libs/fastAdaboost.so’:
     Found no calls to: ‘R_registerRoutines’, ‘R_useDynamicSymbols’
    
    It is good practice to register native routines and to disable symbol
    search.
    
    See ‘Writing portable packages’ in the ‘Writing R Extensions’ manual.
Flavors: r-devel-linux-x86_64-fedora-clang, r-devel-linux-x86_64-fedora-gcc