CRAN Package Check Results for Package fastR2

Last updated on 2021-09-28 22:52:05 CEST.

Flavor Version Tinstall Tcheck Ttotal Status Flags
r-devel-linux-x86_64-debian-clang 1.2.1 16.40 140.47 156.87 NOTE
r-devel-linux-x86_64-debian-gcc 1.2.1 13.80 91.69 105.49 ERROR
r-devel-linux-x86_64-fedora-clang 1.2.1 181.00 ERROR
r-devel-linux-x86_64-fedora-gcc 1.2.1 165.31 ERROR
r-devel-windows-x86_64 1.2.1 28.00 191.00 219.00 OK
r-devel-windows-x86_64-gcc10-UCRT 1.2.1 NOTE
r-patched-linux-x86_64 1.2.1 22.44 130.74 153.18 NOTE
r-patched-solaris-x86 1.2.1 261.80 NOTE
r-release-linux-x86_64 1.2.1 14.26 131.54 145.80 NOTE
r-release-macos-arm64 1.2.1 NOTE
r-release-macos-x86_64 1.2.1 NOTE
r-release-windows-ix86+x86_64 1.2.1 38.00 190.00 228.00 OK
r-oldrel-macos-x86_64 1.2.1 OK
r-oldrel-windows-ix86+x86_64 1.2.1 27.00 138.00 165.00 OK

Check Details

Version: 1.2.1
Check: package dependencies
Result: NOTE
    Package suggested but not available for checking: 'alr3'
Flavors: r-devel-linux-x86_64-debian-clang, r-devel-linux-x86_64-debian-gcc, r-devel-linux-x86_64-fedora-clang, r-devel-linux-x86_64-fedora-gcc, r-devel-windows-x86_64-gcc10-UCRT, r-patched-linux-x86_64, r-patched-solaris-x86, r-release-linux-x86_64, r-release-macos-arm64, r-release-macos-x86_64

Version: 1.2.1
Check: examples
Result: ERROR
    Running examples in ‘fastR2-Ex.R’ failed
    The error most likely occurred in:
    
    > base::assign(".ptime", proc.time(), pos = "CheckExEnv")
    > ### Name: ACTgpa
    > ### Title: ACT scores and GPA
    > ### Aliases: ACTgpa
    > ### Keywords: datasets
    >
    > ### ** Examples
    >
    >
    > gf_point(GPA ~ ACT, data = ACTgpa)
    Error in duplicated.default(u) : duplicated() applies only to vectors
    Calls: gf_point ... as.vector -> union -> duplicated -> duplicated.default
    Execution halted
Flavor: r-devel-linux-x86_64-debian-gcc

Version: 1.2.1
Check: examples
Result: ERROR
    Running examples in ‘fastR2-Ex.R’ failed
    The error most likely occurred in:
    
    > ### Name: ACTgpa
    > ### Title: ACT scores and GPA
    > ### Aliases: ACTgpa
    > ### Keywords: datasets
    >
    > ### ** Examples
    >
    >
    > gf_point(GPA ~ ACT, data = ACTgpa)
    Error in duplicated.default(u) : duplicated() applies only to vectors
    Calls: gf_point ... as.vector -> union -> duplicated -> duplicated.default
    Execution halted
Flavors: r-devel-linux-x86_64-fedora-clang, r-devel-linux-x86_64-fedora-gcc