CRAN Package Check Results for Package fastText

Last updated on 2021-09-27 16:50:14 CEST.

Flavor Version Tinstall Tcheck Ttotal Status Flags
r-devel-linux-x86_64-debian-clang 1.0.1 68.48 77.76 146.24 OK
r-devel-linux-x86_64-debian-gcc 1.0.1 44.38 58.62 103.00 OK
r-devel-linux-x86_64-fedora-clang 1.0.1 206.19 NOTE
r-devel-linux-x86_64-fedora-gcc 1.0.1 182.43 OK
r-devel-windows-x86_64 1.0.1 61.00 126.00 187.00 OK
r-devel-windows-x86_64-gcc10-UCRT 1.0.1 OK
r-patched-linux-x86_64 1.0.1 53.38 72.30 125.68 OK
r-patched-solaris-x86 1.0.1 207.50 OK
r-release-linux-x86_64 1.0.1 54.04 72.23 126.27 OK
r-release-macos-arm64 1.0.1 NOTE
r-release-macos-x86_64 1.0.1 NOTE
r-release-windows-ix86+x86_64 1.0.1 154.00 155.00 309.00 NOTE
r-oldrel-macos-x86_64 1.0.1 NOTE
r-oldrel-windows-ix86+x86_64 1.0.1 123.00 159.00 282.00 NOTE

Check Details

Version: 1.0.1
Check: installed package size
Result: NOTE
     installed size is 6.0Mb
     sub-directories of 1Mb or more:
     doc 1.7Mb
     libs 3.2Mb
Flavors: r-devel-linux-x86_64-fedora-clang, r-release-macos-arm64, r-release-macos-x86_64, r-release-windows-ix86+x86_64, r-oldrel-macos-x86_64, r-oldrel-windows-ix86+x86_64