CRAN Package Check Results for Package fasteraster

Last updated on 2021-09-20 22:55:22 CEST.

Flavor Version Tinstall Tcheck Ttotal Status Flags
r-devel-linux-x86_64-debian-clang 1.1.1 19.83 26.83 46.66 OK
r-devel-linux-x86_64-debian-gcc 1.1.1 12.17 21.01 33.18 OK
r-devel-linux-x86_64-fedora-clang 1.1.1 72.05 OK
r-devel-linux-x86_64-fedora-gcc 1.1.1 55.80 OK
r-devel-windows-x86_64 1.1.1 19.00 41.00 60.00 OK
r-devel-windows-x86_64-gcc10-UCRT 1.1.1 ERROR
r-patched-linux-x86_64 1.1.1 15.06 25.77 40.83 OK
r-patched-solaris-x86 1.1.1 73.10 OK
r-release-linux-x86_64 1.1.1 16.03 25.87 41.90 OK
r-release-macos-arm64 1.1.1 OK
r-release-macos-x86_64 1.1.1 OK
r-release-windows-ix86+x86_64 1.1.1 47.00 55.00 102.00 OK
r-oldrel-macos-x86_64 1.1.1 OK
r-oldrel-windows-ix86+x86_64 1.1.1 47.00 55.00 102.00 OK

Check Details

Version: 1.1.1
Check: whether package can be installed
Result: ERROR
    Installation failed.
Flavor: r-devel-windows-x86_64-gcc10-UCRT