CRAN Package Check Results for Package fasterize

Last updated on 2021-09-28 22:52:05 CEST.

Flavor Version Tinstall Tcheck Ttotal Status Flags
r-devel-linux-x86_64-debian-clang 1.0.3 106.45 84.29 190.74 NOTE
r-devel-linux-x86_64-debian-gcc 1.0.3 70.20 64.40 134.60 NOTE
r-devel-linux-x86_64-fedora-clang 1.0.3 258.02 NOTE
r-devel-linux-x86_64-fedora-gcc 1.0.3 242.74 NOTE
r-devel-windows-x86_64 1.0.3 130.00 123.00 253.00 NOTE
r-devel-windows-x86_64-gcc10-UCRT 1.0.3 NOTE
r-patched-linux-x86_64 1.0.3 85.30 80.19 165.49 NOTE
r-patched-solaris-x86 1.0.3 261.30 NOTE
r-release-linux-x86_64 1.0.3 85.84 80.05 165.89 NOTE
r-release-macos-arm64 1.0.3 NOTE
r-release-macos-x86_64 1.0.3 NOTE
r-release-windows-ix86+x86_64 1.0.3 214.00 153.00 367.00 NOTE
r-oldrel-macos-x86_64 1.0.3 OK
r-oldrel-windows-ix86+x86_64 1.0.3 176.00 116.00 292.00 OK

Check Details

Version: 1.0.3
Check: LazyData
Result: NOTE
     'LazyData' is specified without a 'data' directory
Flavors: r-devel-linux-x86_64-debian-clang, r-devel-linux-x86_64-debian-gcc, r-devel-linux-x86_64-fedora-clang, r-devel-linux-x86_64-fedora-gcc, r-devel-windows-x86_64, r-devel-windows-x86_64-gcc10-UCRT, r-patched-linux-x86_64, r-patched-solaris-x86, r-release-linux-x86_64, r-release-macos-arm64, r-release-macos-x86_64, r-release-windows-ix86+x86_64