CRAN Package Check Results for Package fastverse

Last updated on 2024-03-05 09:52:55 CET.

Flavor Version Tinstall Tcheck Ttotal Status Flags
r-devel-linux-x86_64-debian-clang 0.3.2 3.61 45.87 49.48 OK
r-devel-linux-x86_64-debian-gcc 0.3.2 2.96 33.80 36.76 OK
r-devel-linux-x86_64-fedora-clang 0.3.2 59.42 NOTE
r-devel-linux-x86_64-fedora-gcc 0.3.2 69.22 NOTE
r-devel-windows-x86_64 0.3.2 4.00 63.00 67.00 OK
r-patched-linux-x86_64 0.3.2 4.05 42.96 47.01 OK
r-release-linux-x86_64 0.3.2 3.74 43.56 47.30 OK
r-release-macos-arm64 0.3.2 31.00 OK
r-release-macos-x86_64 0.3.2 97.00 OK
r-release-windows-x86_64 0.3.2 5.00 64.00 69.00 OK
r-oldrel-macos-arm64 0.3.2 33.00 OK
r-oldrel-windows-x86_64 0.3.2 6.00 76.00 82.00 OK

Check Details

Version: 0.3.2
Check: dependencies in R code
Result: NOTE Namespaces in Imports field not imported from: ‘collapse’ ‘data.table’ ‘kit’ ‘magrittr’ All declared Imports should be used. Flavors: r-devel-linux-x86_64-fedora-clang, r-devel-linux-x86_64-fedora-gcc