CRAN Package Check Results for Package fauxnaif

Last updated on 2021-09-23 04:56:22 CEST.

Flavor Version Tinstall Tcheck Ttotal Status Flags
r-devel-linux-x86_64-debian-clang 0.6.1 2.67 36.07 38.74 OK
r-devel-linux-x86_64-debian-gcc 0.6.1 2.06 27.99 30.05 OK
r-devel-linux-x86_64-fedora-clang 0.6.1 55.02 OK
r-devel-linux-x86_64-fedora-gcc 0.6.1 53.73 OK
r-devel-windows-x86_64 0.6.1 3.00 42.00 45.00 OK
r-devel-windows-x86_64-gcc10-UCRT 0.6.1 ERROR
r-patched-linux-x86_64 0.6.1 2.74 33.62 36.36 OK
r-patched-solaris-x86 0.6.1 67.30 OK
r-release-linux-x86_64 0.6.1 2.68 33.80 36.48 OK
r-release-macos-arm64 0.6.1 OK
r-release-macos-x86_64 0.6.1 OK
r-release-windows-ix86+x86_64 0.6.1 6.00 41.00 47.00 OK
r-oldrel-macos-x86_64 0.6.1 OK
r-oldrel-windows-ix86+x86_64 0.6.1 5.00 45.00 50.00 OK

Check Details

Version: 0.6.1
Check: package dependencies
Result: NOTE
    Package suggested but not available for checking: 'roxygen2'
Flavor: r-devel-windows-x86_64-gcc10-UCRT

Version: 0.6.1
Check: PDF version of manual
Result: WARN
    LaTeX errors when creating PDF version.
    This typically indicates Rd problems.
Flavor: r-devel-windows-x86_64-gcc10-UCRT

Version: 0.6.1
Check: PDF version of manual without hyperrefs or index
Result: ERROR
    Re-running with no redirection of stdout/stderr.
Flavor: r-devel-windows-x86_64-gcc10-UCRT