CRAN Package Check Results for Package fdANOVA

Last updated on 2022-01-24 06:48:51 CET.

Flavor Version Tinstall Tcheck Ttotal Status Flags
r-devel-linux-x86_64-debian-clang 0.1.2 17.16 172.46 189.62 OK
r-devel-linux-x86_64-debian-gcc 0.1.2 13.25 126.43 139.68 OK
r-devel-linux-x86_64-fedora-clang 0.1.2 233.60 OK
r-devel-linux-x86_64-fedora-gcc 0.1.2 210.82 OK
r-devel-windows-x86_64-new-UL 0.1.2 29.00 219.00 248.00 OK
r-devel-windows-x86_64-new-TK 0.1.2 ERROR
r-patched-linux-x86_64 0.1.2 11.80 143.76 155.56 OK
r-release-linux-x86_64 0.1.2 13.54 147.82 161.36 OK
r-release-macos-arm64 0.1.2 OK
r-release-macos-x86_64 0.1.2 OK
r-release-windows-ix86+x86_64 0.1.2 38.00 172.00 210.00 OK
r-oldrel-macos-x86_64 0.1.2 OK
r-oldrel-windows-ix86+x86_64 0.1.2 43.00 170.00 213.00 OK

Check Details

Version: 0.1.2
Check: package dependencies
Result: ERROR
    Package required but not available: 'doBy'
    
    See section 'The DESCRIPTION file' in the 'Writing R Extensions'
    manual.
Flavor: r-devel-windows-x86_64-new-TK