CRAN Package Check Results for Package fdadensity

Last updated on 2021-09-16 16:50:13 CEST.

Flavor Version Tinstall Tcheck Ttotal Status Flags
r-devel-linux-x86_64-debian-clang 0.1.2 26.56 53.47 80.03 OK
r-devel-linux-x86_64-debian-gcc 0.1.2 16.94 40.58 57.52 OK
r-devel-linux-x86_64-fedora-clang 0.1.2 115.75 OK
r-devel-linux-x86_64-fedora-gcc 0.1.2 94.27 OK
r-devel-windows-x86_64 0.1.2 28.00 82.00 110.00 OK
r-devel-windows-x86_64-gcc10-UCRT 0.1.2 OK
r-patched-linux-x86_64 0.1.2 25.12 51.21 76.33 OK
r-patched-solaris-x86 0.1.2 121.30 OK
r-release-linux-x86_64 0.1.2 20.30 50.62 70.92 OK
r-release-macos-arm64 0.1.2 OK
r-release-macos-x86_64 0.1.2 OK
r-release-windows-ix86+x86_64 0.1.2 65.00 89.00 154.00 NOTE
r-oldrel-macos-x86_64 0.1.2 OK
r-oldrel-windows-ix86+x86_64 0.1.2 59.00 105.00 164.00 NOTE

Check Details

Version: 0.1.2
Check: installed package size
Result: NOTE
     installed size is 5.4Mb
     sub-directories of 1Mb or more:
     data 3.3Mb
     libs 2.0Mb
Flavors: r-release-windows-ix86+x86_64, r-oldrel-windows-ix86+x86_64