CRAN Package Check Results for Package fdapace

Last updated on 2021-09-27 04:54:56 CEST.

Flavor Version Tinstall Tcheck Ttotal Status Flags
r-devel-linux-x86_64-debian-clang 0.5.7 324.22 291.84 616.06 OK
r-devel-linux-x86_64-debian-gcc 0.5.7 229.20 214.52 443.72 OK
r-devel-linux-x86_64-fedora-clang 0.5.7 823.80 NOTE
r-devel-linux-x86_64-fedora-gcc 0.5.7 755.17 OK
r-devel-windows-x86_64 0.5.7 250.00 247.00 497.00 OK
r-devel-windows-x86_64-gcc10-UCRT 0.5.7 OK
r-patched-linux-x86_64 0.5.7 242.98 283.14 526.12 OK
r-patched-solaris-x86 0.5.7 719.90 OK
r-release-linux-x86_64 0.5.7 260.79 284.94 545.73 OK
r-release-macos-arm64 0.5.7 NOTE
r-release-macos-x86_64 0.5.7 NOTE
r-release-windows-ix86+x86_64 0.5.7 662.00 343.00 1005.00 OK
r-oldrel-macos-x86_64 0.5.7 NOTE
r-oldrel-windows-ix86+x86_64 0.5.7 474.00 325.00 799.00 OK

Check Details

Version: 0.5.7
Check: installed package size
Result: NOTE
     installed size is 42.0Mb
     sub-directories of 1Mb or more:
     libs 40.4Mb
Flavors: r-devel-linux-x86_64-fedora-clang, r-release-macos-arm64, r-release-macos-x86_64, r-oldrel-macos-x86_64