CRAN Package Check Results for Package finalfit

Last updated on 2021-09-28 07:48:27 CEST.

Flavor Version Tinstall Tcheck Ttotal Status Flags
r-devel-linux-x86_64-debian-clang 1.0.3 15.01 325.14 340.15 OK
r-devel-linux-x86_64-debian-gcc 1.0.3 12.28 236.22 248.50 OK
r-devel-linux-x86_64-fedora-clang 1.0.3 411.67 OK
r-devel-linux-x86_64-fedora-gcc 1.0.3 387.26 OK
r-devel-windows-x86_64 1.0.3 20.00 293.00 313.00 OK
r-devel-windows-x86_64-gcc10-UCRT 1.0.3 OK
r-patched-linux-x86_64 1.0.3 20.09 328.89 348.98 OK
r-patched-solaris-x86 1.0.3 541.10 NOTE
r-release-linux-x86_64 1.0.3 12.74 324.96 337.70 OK
r-release-macos-arm64 1.0.3 OK
r-release-macos-x86_64 1.0.3 OK
r-release-windows-ix86+x86_64 1.0.3 31.00 321.00 352.00 OK
r-oldrel-macos-x86_64 1.0.3 OK
r-oldrel-windows-ix86+x86_64 1.0.3 23.00 329.00 352.00 OK

Check Details

Version: 1.0.3
Check: installed package size
Result: NOTE
     installed size is 5.3Mb
     sub-directories of 1Mb or more:
     doc 4.5Mb
Flavor: r-patched-solaris-x86