CRAN Package Check Results for Package fingerPro

Last updated on 2021-09-26 01:49:51 CEST.

Flavor Version Tinstall Tcheck Ttotal Status Flags
r-devel-linux-x86_64-debian-clang 1.1 39.78 145.92 185.70 OK
r-devel-linux-x86_64-debian-gcc 1.1 28.81 114.34 143.15 OK
r-devel-linux-x86_64-fedora-clang 1.1 240.89 NOTE
r-devel-linux-x86_64-fedora-gcc 1.1 227.45 NOTE
r-devel-windows-x86_64 1.1 40.00 129.00 169.00 OK
r-devel-windows-x86_64-gcc10-UCRT 1.1 NOTE
r-patched-linux-x86_64 1.1 34.92 138.56 173.48 OK
r-patched-solaris-x86 1.1 307.20 WARN
r-release-linux-x86_64 1.1 33.42 137.34 170.76 OK
r-release-macos-arm64 1.1 NOTE
r-release-macos-x86_64 1.1 NOTE
r-release-windows-ix86+x86_64 1.1 98.00 171.00 269.00 OK
r-oldrel-macos-x86_64 1.1 NOTE
r-oldrel-windows-ix86+x86_64 1.1 69.00 177.00 246.00 OK

Check Details

Version: 1.1
Check: dependencies in R code
Result: NOTE
    Namespace in Imports field not imported from: ‘RcppProgress’
     All declared Imports should be used.
Flavors: r-devel-linux-x86_64-fedora-clang, r-devel-linux-x86_64-fedora-gcc, r-devel-windows-x86_64-gcc10-UCRT, r-patched-solaris-x86, r-release-macos-arm64, r-release-macos-x86_64, r-oldrel-macos-x86_64

Version: 1.1
Check: for code/documentation mismatches
Result: WARN
    XIO: fatal IO error 146 (Connection refused) on X server ":5.0"
     after 0 requests (0 known processed) with 0 events remaining.
Flavor: r-patched-solaris-x86