CRAN Package Check Results for Package fitHeavyTail

Last updated on 2021-10-19 01:49:36 CEST.

Flavor Version Tinstall Tcheck Ttotal Status Flags
r-devel-linux-x86_64-debian-clang 0.1.2 10.11 77.63 87.74 NOTE
r-devel-linux-x86_64-debian-gcc 0.1.2 7.68 60.78 68.46 NOTE
r-devel-linux-x86_64-fedora-clang 0.1.2 113.61 NOTE
r-devel-linux-x86_64-fedora-gcc 0.1.2 103.76 NOTE
r-devel-windows-x86_64 0.1.2 14.00 102.00 116.00 NOTE
r-devel-windows-x86_64-gcc10-UCRT 0.1.2 NOTE
r-patched-linux-x86_64 0.1.2 8.70 75.36 84.06 NOTE
r-patched-solaris-x86 0.1.2 156.10 NOTE
r-release-linux-x86_64 0.1.2 9.91 75.98 85.89 NOTE
r-release-macos-arm64 0.1.2 NOTE
r-release-macos-x86_64 0.1.2 NOTE
r-release-windows-ix86+x86_64 0.1.2 14.00 103.00 117.00 NOTE
r-oldrel-macos-x86_64 0.1.2 OK
r-oldrel-windows-ix86+x86_64 0.1.2 20.00 98.00 118.00 OK

Check Details

Version: 0.1.2
Check: LazyData
Result: NOTE
     'LazyData' is specified without a 'data' directory
Flavors: r-devel-linux-x86_64-debian-clang, r-devel-linux-x86_64-debian-gcc, r-devel-linux-x86_64-fedora-clang, r-devel-linux-x86_64-fedora-gcc, r-devel-windows-x86_64, r-devel-windows-x86_64-gcc10-UCRT, r-patched-linux-x86_64, r-patched-solaris-x86, r-release-linux-x86_64, r-release-macos-arm64, r-release-macos-x86_64, r-release-windows-ix86+x86_64