CRAN Package Check Results for Package fitbitViz

Last updated on 2024-02-27 09:53:55 CET.

Flavor Version Tinstall Tcheck Ttotal Status Flags
r-devel-linux-x86_64-debian-clang 1.0.6 59.07 2275.08 2334.15 ERROR
r-devel-linux-x86_64-debian-gcc 1.0.6 48.62 359.64 408.26 OK
r-devel-linux-x86_64-fedora-clang 1.0.6 681.30 NOTE
r-devel-linux-x86_64-fedora-gcc 1.0.6 681.01 OK
r-devel-windows-x86_64 1.0.6 42.00 291.00 333.00 NOTE
r-patched-linux-x86_64 1.0.6 41.99 472.99 514.98 OK
r-release-linux-x86_64 1.0.6 41.13 474.31 515.44 OK
r-release-macos-arm64 1.0.6 148.00 NOTE
r-release-macos-x86_64 1.0.6 412.00 NOTE
r-release-windows-x86_64 1.0.6 55.00 396.00 451.00 NOTE
r-oldrel-macos-arm64 1.0.6 144.00 NOTE
r-oldrel-windows-x86_64 1.0.6 54.00 394.00 448.00 NOTE

Check Details

Version: 1.0.6
Check: re-building of vignette outputs
Result: ERROR Error(s) in re-building vignettes: ... --- re-building ‘fitbit_viz.Rmd’ using rmarkdown --- finished re-building ‘fitbit_viz.Rmd’ Assertion failure at kmp_runtime.cpp(6891): temp_reg_status_file_name. OMP: Error #13: Assertion failure at kmp_runtime.cpp(6891). OMP: Hint Please submit a bug report with this message, compile and run commands used, and machine configuration info including native compiler and operating system versions. Faster response will be obtained by including all program sources. For information on submitting this issue, please see https://github.com/llvm/llvm-project/issues/. Assertion failure at kmp_runtime.cpp(6891): temp_reg_status_file_name. OMP: Error #13: Assertion failure at kmp_runtime.cpp(6891). OMP: Hint Please submit a bug report with this message, compile and run commands used, and machine configuration info including native compiler and operating system versions. Faster response will be obtained by including all program sources. For information on submitting this issue, please see https://github.com/llvm/llvm-project/issues/. Killed Flavor: r-devel-linux-x86_64-debian-clang

Version: 1.0.6
Check: package dependencies
Result: NOTE Imports includes 25 non-default packages. Importing from so many packages makes the package vulnerable to any of them becoming unavailable. Move as many as possible to Suggests and use conditionally. Flavor: r-devel-linux-x86_64-fedora-clang

Version: 1.0.6
Check: installed package size
Result: NOTE installed size is 5.8Mb sub-directories of 1Mb or more: doc 4.1Mb Flavors: r-devel-linux-x86_64-fedora-clang, r-devel-windows-x86_64, r-release-macos-arm64, r-release-macos-x86_64, r-release-windows-x86_64, r-oldrel-macos-arm64, r-oldrel-windows-x86_64