CRAN Package Check Results for Package flan

Last updated on 2021-09-17 04:49:19 CEST.

Flavor Version Tinstall Tcheck Ttotal Status Flags
r-devel-linux-x86_64-debian-clang 0.9 93.31 68.10 161.41 OK
r-devel-linux-x86_64-debian-gcc 0.9 67.02 51.52 118.54 OK
r-devel-linux-x86_64-fedora-clang 0.9 234.63 NOTE
r-devel-linux-x86_64-fedora-gcc 0.9 210.89 OK
r-devel-windows-x86_64 0.9 88.00 96.00 184.00 OK
r-devel-windows-x86_64-gcc10-UCRT 0.9 OK
r-patched-linux-x86_64 0.9 83.02 66.53 149.55 OK
r-patched-solaris-x86 0.9 202.40 OK
r-release-linux-x86_64 0.9 81.85 66.63 148.48 OK
r-release-macos-arm64 0.9 NOTE
r-release-macos-x86_64 0.9 NOTE
r-release-windows-ix86+x86_64 0.9 224.00 105.00 329.00 OK
r-oldrel-macos-x86_64 0.9 NOTE
r-oldrel-windows-ix86+x86_64 0.9 163.00 136.00 299.00 OK

Check Details

Version: 0.9
Check: installed package size
Result: NOTE
     installed size is 6.0Mb
     sub-directories of 1Mb or more:
     libs 5.7Mb
Flavors: r-devel-linux-x86_64-fedora-clang, r-release-macos-arm64, r-release-macos-x86_64, r-oldrel-macos-x86_64