CRAN Package Check Results for Package flashClust

Last updated on 2022-01-24 15:54:12 CET.

Flavor Version Tinstall Tcheck Ttotal Status Flags
r-devel-linux-x86_64-debian-clang 1.01-2 2.27 28.51 30.78 NOTE
r-devel-linux-x86_64-debian-gcc 1.01-2 1.92 22.88 24.80 NOTE
r-devel-linux-x86_64-fedora-clang 1.01-2 40.23 NOTE
r-devel-linux-x86_64-fedora-gcc 1.01-2 28.97 NOTE
r-devel-windows-x86_64-new-UL 1.01-2 20.00 46.00 66.00 NOTE
r-devel-windows-x86_64-new-TK 1.01-2 NOTE
r-patched-linux-x86_64 1.01-2 2.55 28.21 30.76 NOTE
r-release-linux-x86_64 1.01-2 2.43 27.91 30.34 NOTE
r-release-macos-arm64 1.01-2 NOTE
r-release-macos-x86_64 1.01-2 NOTE
r-release-windows-ix86+x86_64 1.01-2 8.00 33.00 41.00 NOTE
r-oldrel-macos-x86_64 1.01-2 NOTE
r-oldrel-windows-ix86+x86_64 1.01-2 6.00 31.00 37.00 NOTE

Check Details

Version: 1.01-2
Check: DESCRIPTION meta-information
Result: NOTE
    Malformed Description field: should contain one or more complete sentences.
Flavors: r-devel-linux-x86_64-debian-clang, r-devel-linux-x86_64-debian-gcc, r-devel-linux-x86_64-fedora-clang, r-devel-linux-x86_64-fedora-gcc, r-devel-windows-x86_64-new-UL, r-devel-windows-x86_64-new-TK, r-patched-linux-x86_64, r-release-linux-x86_64, r-release-macos-arm64, r-release-macos-x86_64, r-release-windows-ix86+x86_64, r-oldrel-macos-x86_64, r-oldrel-windows-ix86+x86_64

Version: 1.01-2
Check: compiled code
Result: NOTE
    File ‘flashClust/libs/flashClust.so’:
     Found no calls to: ‘R_registerRoutines’, ‘R_useDynamicSymbols’
    
    It is good practice to register native routines and to disable symbol
    search.
    
    See ‘Writing portable packages’ in the ‘Writing R Extensions’ manual.
Flavors: r-devel-linux-x86_64-fedora-clang, r-devel-linux-x86_64-fedora-gcc