CRAN Package Check Results for Package flipr

Last updated on 2021-12-07 00:49:18 CET.

Flavor Version Tinstall Tcheck Ttotal Status Flags
r-devel-linux-x86_64-debian-clang 0.3.1 28.45 96.36 124.81 OK
r-devel-linux-x86_64-debian-gcc 0.3.1 23.03 73.64 96.67 OK
r-devel-linux-x86_64-fedora-clang 0.3.1 178.47 NOTE
r-devel-linux-x86_64-fedora-gcc 0.3.1 150.06 NOTE
r-devel-windows-x86_64-new-UL 0.3.1 48.00 173.00 221.00 NOTE
r-devel-windows-x86_64-new-TK 0.3.1 NOTE
r-devel-windows-x86_64-old 0.3.1 43.00 103.00 146.00 NOTE
r-patched-linux-x86_64 0.3.1 26.32 89.32 115.64 OK
r-release-linux-x86_64 0.3.1 26.29 97.54 123.83 OK
r-release-macos-arm64 0.3.1 NOTE
r-release-macos-x86_64 0.3.1 NOTE
r-release-windows-ix86+x86_64 0.3.1 74.00 168.00 242.00 NOTE
r-oldrel-macos-x86_64 0.3.1 NOTE
r-oldrel-windows-ix86+x86_64 0.3.1 75.00 169.00 244.00 NOTE

Check Details

Version: 0.3.1
Check: installed package size
Result: NOTE
     installed size is 9.0Mb
     sub-directories of 1Mb or more:
     doc 7.6Mb
Flavors: r-devel-linux-x86_64-fedora-clang, r-devel-windows-x86_64-new-UL, r-devel-windows-x86_64-old, r-release-macos-arm64, r-release-macos-x86_64, r-release-windows-ix86+x86_64, r-oldrel-macos-x86_64, r-oldrel-windows-ix86+x86_64

Version: 0.3.1
Check: dependencies in R code
Result: NOTE
    Namespaces in Imports field not imported from:
     ‘R6’ ‘pbapply’
     All declared Imports should be used.
Flavors: r-devel-linux-x86_64-fedora-clang, r-devel-linux-x86_64-fedora-gcc, r-devel-windows-x86_64-new-TK, r-release-macos-arm64, r-release-macos-x86_64, r-oldrel-macos-x86_64